Last updated on 2022-06-30 11:53:22 CEST.
Flavor | Version | Tinstall | Tcheck | Ttotal | Status | Flags |
---|---|---|---|---|---|---|
r-devel-linux-x86_64-debian-clang | 1.5 | 9.19 | 67.26 | 76.45 | NOTE | |
r-devel-linux-x86_64-debian-gcc | 1.5 | 6.04 | 50.75 | 56.79 | NOTE | |
r-devel-linux-x86_64-fedora-clang | 1.5 | 98.27 | NOTE | |||
r-devel-linux-x86_64-fedora-gcc | 1.5 | 99.32 | NOTE | |||
r-devel-windows-x86_64 | 1.5 | 42.00 | 88.00 | 130.00 | NOTE | |
r-patched-linux-x86_64 | 1.5 | 7.66 | 62.84 | 70.50 | NOTE | |
r-release-linux-x86_64 | 1.5 | 6.11 | 64.71 | 70.82 | NOTE | |
r-release-macos-arm64 | 1.5 | 31.00 | NOTE | |||
r-release-macos-x86_64 | 1.5 | 40.00 | NOTE | |||
r-release-windows-x86_64 | 1.5 | 19.00 | 88.00 | 107.00 | NOTE | |
r-oldrel-macos-arm64 | 1.5 | 34.00 | NOTE | |||
r-oldrel-macos-x86_64 | 1.5 | 57.00 | NOTE | |||
r-oldrel-windows-ix86+x86_64 | 1.5 | 18.00 | 82.00 | 100.00 | NOTE |
Version: 1.5
Check: LazyData
Result: NOTE
'LazyData' is specified without a 'data' directory
Flavors: r-devel-linux-x86_64-debian-clang, r-devel-linux-x86_64-debian-gcc, r-devel-linux-x86_64-fedora-clang, r-devel-linux-x86_64-fedora-gcc, r-devel-windows-x86_64, r-patched-linux-x86_64, r-release-linux-x86_64, r-release-macos-arm64, r-release-macos-x86_64, r-release-windows-x86_64, r-oldrel-macos-arm64, r-oldrel-macos-x86_64, r-oldrel-windows-ix86+x86_64