Last updated on 2024-04-25 08:00:10 CEST.
Flavor | Version | Tinstall | Tcheck | Ttotal | Status | Flags |
---|---|---|---|---|---|---|
r-devel-linux-x86_64-debian-clang | 1.5 | 8.97 | 67.19 | 76.16 | NOTE | |
r-devel-linux-x86_64-debian-gcc | 1.5 | 5.68 | 50.01 | 55.69 | NOTE | |
r-devel-linux-x86_64-fedora-clang | 1.5 | 94.88 | NOTE | |||
r-devel-linux-x86_64-fedora-gcc | 1.5 | 88.42 | NOTE | |||
r-devel-windows-x86_64 | 1.5 | 7.00 | 64.00 | 71.00 | NOTE | |
r-patched-linux-x86_64 | 1.5 | 8.41 | 64.19 | 72.60 | NOTE | |
r-release-linux-x86_64 | 1.5 | 8.35 | 67.00 | 75.35 | NOTE | |
r-release-macos-arm64 | 1.5 | 30.00 | NOTE | |||
r-release-windows-x86_64 | 1.5 | 7.00 | 65.00 | 72.00 | NOTE | |
r-oldrel-macos-arm64 | 1.5 | 31.00 | NOTE | |||
r-oldrel-macos-x86_64 | 1.5 | 51.00 | NOTE | |||
r-oldrel-windows-x86_64 | 1.5 | 11.00 | 75.00 | 86.00 | NOTE |
Version: 1.5
Check: LazyData
Result: NOTE
'LazyData' is specified without a 'data' directory
Flavors: r-devel-linux-x86_64-debian-clang, r-devel-linux-x86_64-debian-gcc, r-devel-linux-x86_64-fedora-clang, r-devel-linux-x86_64-fedora-gcc, r-devel-windows-x86_64, r-patched-linux-x86_64, r-release-linux-x86_64, r-release-macos-arm64, r-release-windows-x86_64, r-oldrel-macos-arm64, r-oldrel-macos-x86_64, r-oldrel-windows-x86_64