Last updated on 2024-04-17 10:41:54 CEST.
Flavor | Version | Tinstall | Tcheck | Ttotal | Status | Flags |
---|---|---|---|---|---|---|
r-devel-linux-x86_64-debian-clang | 1.4.4 | 51.14 | 121.04 | 172.18 | OK | |
r-devel-linux-x86_64-debian-gcc | 1.4.4 | 45.26 | 97.87 | 143.13 | OK | |
r-devel-linux-x86_64-fedora-clang | 1.4.4 | 227.22 | OK | |||
r-devel-linux-x86_64-fedora-gcc | 1.4.4 | 248.82 | OK | |||
r-prerel-macos-arm64 | 1.4.4 | 69.00 | NOTE | |||
r-prerel-macos-x86_64 | 1.4.4 | 203.00 | NOTE | |||
r-prerel-windows-x86_64 | 1.4.4 | 38.00 | 148.00 | 186.00 | OK | |
r-patched-linux-x86_64 | 1.4.4 | 55.96 | 121.77 | 177.73 | OK | |
r-release-linux-x86_64 | 1.4.4 | 60.70 | 124.11 | 184.81 | OK | |
r-release-macos-arm64 | 1.4.4 | 80.00 | NOTE | |||
r-release-macos-x86_64 | 1.4.4 | 200.00 | NOTE | |||
r-release-windows-x86_64 | 1.4.4 | 53.00 | 172.00 | 225.00 | OK | |
r-oldrel-macos-arm64 | 1.4.4 | 75.00 | NOTE | |||
r-oldrel-windows-x86_64 | 1.4.4 | 50.00 | 153.00 | 203.00 | OK |
Version: 1.4.4
Check: installed package size
Result: NOTE
installed size is 13.9Mb
sub-directories of 1Mb or more:
libs 13.2Mb
Flavors: r-prerel-macos-arm64, r-prerel-macos-x86_64, r-release-macos-arm64, r-release-macos-x86_64, r-oldrel-macos-arm64