Last updated on 2025-07-13 12:49:32 CEST.
Flavor | Version | Tinstall | Tcheck | Ttotal | Status | Flags |
---|---|---|---|---|---|---|
r-devel-linux-x86_64-debian-clang | 0.2.2 | 3.38 | 40.64 | 44.02 | OK | |
r-devel-linux-x86_64-debian-gcc | 0.2.2 | 2.69 | 31.61 | 34.30 | OK | |
r-devel-linux-x86_64-fedora-clang | 0.2.2 | 69.30 | OK | |||
r-devel-linux-x86_64-fedora-gcc | 0.2.2 | 79.38 | OK | |||
r-devel-windows-x86_64 | 0.2.2 | 5.00 | 60.00 | 65.00 | OK | |
r-patched-linux-x86_64 | 0.2.2 | 4.22 | 37.03 | 41.25 | OK | |
r-release-linux-x86_64 | 0.2.2 | 3.16 | 36.87 | 40.03 | OK | |
r-release-macos-arm64 | 0.2.2 | 57.00 | OK | |||
r-release-macos-x86_64 | 0.2.2 | 49.00 | OK | |||
r-release-windows-x86_64 | 0.2.2 | 6.00 | 63.00 | 69.00 | OK | |
r-oldrel-macos-arm64 | 0.2.2 | 32.00 | NOTE | |||
r-oldrel-macos-x86_64 | 0.2.2 | 49.00 | NOTE | |||
r-oldrel-windows-x86_64 | 0.2.2 | 7.00 | 74.00 | 81.00 | NOTE |
Version: 0.2.2
Check: LazyData
Result: NOTE
'LazyData' is specified without a 'data' directory
Flavors: r-oldrel-macos-arm64, r-oldrel-macos-x86_64, r-oldrel-windows-x86_64