Last updated on 2024-04-18 12:53:05 CEST.
Flavor | Version | Tinstall | Tcheck | Ttotal | Status | Flags |
---|---|---|---|---|---|---|
r-devel-linux-x86_64-debian-clang | 0.1.1 | 11.38 | 86.81 | 98.19 | NOTE | |
r-devel-linux-x86_64-debian-gcc | 0.1.1 | 8.48 | 62.48 | 70.96 | NOTE | |
r-devel-linux-x86_64-fedora-clang | 0.1.1 | 116.90 | NOTE | |||
r-devel-linux-x86_64-fedora-gcc | 0.1.1 | 109.22 | NOTE | |||
r-prerel-macos-arm64 | 0.1.1 | 33.00 | NOTE | |||
r-prerel-windows-x86_64 | 0.1.1 | 9.00 | 76.00 | 85.00 | NOTE | |
r-patched-linux-x86_64 | 0.1.1 | 10.21 | 80.16 | 90.37 | NOTE | |
r-release-linux-x86_64 | 0.1.1 | 7.65 | 83.59 | 91.24 | NOTE | |
r-release-macos-arm64 | 0.1.1 | 37.00 | NOTE | |||
r-release-macos-x86_64 | 0.1.1 | 60.00 | NOTE | |||
r-release-windows-x86_64 | 0.1.1 | 12.00 | 90.00 | 102.00 | NOTE | |
r-oldrel-macos-arm64 | 0.1.1 | 33.00 | NOTE | |||
r-oldrel-windows-x86_64 | 0.1.1 | 12.00 | 93.00 | 105.00 | NOTE |
Version: 0.1.1
Check: LazyData
Result: NOTE
'LazyData' is specified without a 'data' directory
Flavors: r-devel-linux-x86_64-debian-clang, r-devel-linux-x86_64-debian-gcc, r-devel-linux-x86_64-fedora-clang, r-devel-linux-x86_64-fedora-gcc, r-prerel-macos-arm64, r-prerel-windows-x86_64, r-patched-linux-x86_64, r-release-linux-x86_64, r-release-macos-arm64, r-release-macos-x86_64, r-release-windows-x86_64, r-oldrel-macos-arm64, r-oldrel-windows-x86_64