CRAN Package Check Results for Package ui

Last updated on 2022-11-28 10:57:34 CET.

Flavor Version Tinstall Tcheck Ttotal Status Flags
r-devel-linux-x86_64-debian-clang 0.1.1 10.08 86.59 96.67 NOTE
r-devel-linux-x86_64-debian-gcc 0.1.1 8.67 66.00 74.67 NOTE
r-devel-linux-x86_64-fedora-clang 0.1.1 131.23 NOTE
r-devel-linux-x86_64-fedora-gcc 0.1.1 134.77 NOTE
r-devel-windows-x86_64 0.1.1 19.00 110.00 129.00 NOTE
r-patched-linux-x86_64 0.1.1 6.93 82.88 89.81 NOTE
r-release-linux-x86_64 0.1.1 11.40 82.70 94.10 NOTE
r-release-macos-arm64 0.1.1 33.00 NOTE
r-release-macos-x86_64 0.1.1 46.00 NOTE
r-release-windows-x86_64 0.1.1 21.00 108.00 129.00 NOTE
r-oldrel-macos-arm64 0.1.1 39.00 NOTE
r-oldrel-macos-x86_64 0.1.1 72.00 NOTE
r-oldrel-windows-ix86+x86_64 0.1.1 21.00 106.00 127.00 NOTE

Check Details

Version: 0.1.1
Check: LazyData
Result: NOTE
     'LazyData' is specified without a 'data' directory
Flavors: r-devel-linux-x86_64-debian-clang, r-devel-linux-x86_64-debian-gcc, r-devel-linux-x86_64-fedora-clang, r-devel-linux-x86_64-fedora-gcc, r-devel-windows-x86_64, r-patched-linux-x86_64, r-release-linux-x86_64, r-release-macos-arm64, r-release-macos-x86_64, r-release-windows-x86_64, r-oldrel-macos-arm64, r-oldrel-macos-x86_64, r-oldrel-windows-ix86+x86_64