CRAN Package Check Results for Package ufs

Last updated on 2025-05-06 12:49:53 CEST.

Flavor Version Tinstall Tcheck Ttotal Status Flags
r-devel-linux-x86_64-debian-clang 0.5.12 14.36 109.02 123.38 NOTE
r-devel-linux-x86_64-debian-gcc 0.5.12 8.82 70.66 79.48 NOTE
r-devel-linux-x86_64-fedora-clang 0.5.12 212.44 OK
r-devel-linux-x86_64-fedora-gcc 0.5.12 194.65 OK
r-devel-windows-x86_64 0.5.12 17.00 139.00 156.00 NOTE
r-patched-linux-x86_64 0.5.12 15.63 102.67 118.30 NOTE
r-release-linux-x86_64 0.5.12 12.04 100.74 112.78 NOTE
r-release-macos-arm64 0.5.12 59.00 OK
r-release-macos-x86_64 0.5.12 162.00 OK
r-release-windows-x86_64 0.5.12 17.00 140.00 157.00 NOTE
r-oldrel-macos-arm64 0.5.12 56.00 OK
r-oldrel-macos-x86_64 0.5.12 93.00 OK
r-oldrel-windows-x86_64 0.5.12 22.00 174.00 196.00 OK

Check Details

Version: 0.5.12
Check: Rd cross-references
Result: NOTE Found the following Rd file(s) with Rd \link{} targets missing package anchors: associationsDiamondPlot.Rd: ggplot basicDiamondplotFunctions.Rd: geom_polygon, geom_jitter, ggplot biAxisDiamondPlot.Rd: ggplot comparisonDiamondPlots.Rd: gtable diamondPlot.Rd: ggplot ggBoxplot.Rd: ggplot, geom_boxplot ggEasyPlots.Rd: ggplot, geom_ridgeline, geom_bar ggProportionPlot.Rd: linetype, ggplot2 ggqq.Rd: ggplot knitFig.Rd: ggplot, knit_expand, knit meanSDtoDiamondPlot.Rd: ggplot meansDiamondPlot.Rd: ggplot pwr.omegasq.Rd: pwr.anova.test, pwr Please provide package anchors for all Rd \link{} targets not in the package itself and the base packages. Flavors: r-devel-linux-x86_64-debian-clang, r-devel-linux-x86_64-debian-gcc, r-devel-windows-x86_64, r-patched-linux-x86_64, r-release-linux-x86_64, r-release-windows-x86_64