CRAN Package Check Results for Package ucminf

Last updated on 2023-02-03 11:53:34 CET.

Flavor Version Tinstall Tcheck Ttotal Status Flags
r-devel-linux-x86_64-debian-clang 1.1-4.1 2.99 22.27 25.26 WARN
r-devel-linux-x86_64-debian-gcc 1.1-4.1 2.21 17.60 19.81 WARN
r-devel-linux-x86_64-fedora-clang 1.1-4.1 34.51 WARN
r-devel-linux-x86_64-fedora-gcc 1.1-4.1 34.22 WARN
r-devel-windows-x86_64 1.1-4.1 12.00 63.00 75.00 OK
r-patched-linux-x86_64 1.1-4.1 2.26 22.46 24.72 OK
r-release-linux-x86_64 1.1-4.1 2.83 22.56 25.39 OK
r-release-macos-arm64 1.1-4.1 27.00 OK
r-release-macos-x86_64 1.1-4.1 26.00 OK
r-release-windows-x86_64 1.1-4.1 8.00 47.00 55.00 OK
r-oldrel-macos-arm64 1.1-4.1 29.00 OK
r-oldrel-macos-x86_64 1.1-4.1 30.00 OK
r-oldrel-windows-ix86+x86_64 1.1-4.1 9.00 48.00 57.00 OK

Check Details

Version: 1.1-4.1
Check: whether package can be installed
Result: WARN
    Found the following significant warnings:
     interface.c:114:21: warning: a function declaration without a prototype is deprecated in all versions of C [-Wstrict-prototypes]
    See ‘/home/hornik/tmp/R.check/r-devel-clang/Work/PKGS/ucminf.Rcheck/00install.out’ for details.
    * used C compiler: ‘Debian clang version 15.0.6’
    * used Fortran compiler: ‘GNU Fortran (Debian 12.2.0-14) 12.2.0’
Flavor: r-devel-linux-x86_64-debian-clang

Version: 1.1-4.1
Check: whether package can be installed
Result: WARN
    Found the following significant warnings:
     interface.c:114:14: warning: function declaration isn’t a prototype [-Wstrict-prototypes]
    See ‘/home/hornik/tmp/R.check/r-devel-gcc/Work/PKGS/ucminf.Rcheck/00install.out’ for details.
    * used C compiler: ‘gcc-12 (Debian 12.2.0-14) 12.2.0’
    * used Fortran compiler: ‘GNU Fortran (Debian 12.2.0-14) 12.2.0’
Flavor: r-devel-linux-x86_64-debian-gcc

Version: 1.1-4.1
Check: whether package can be installed
Result: WARN
    Found the following significant warnings:
     interface.c:114:21: warning: a function declaration without a prototype is deprecated in all versions of C [-Wstrict-prototypes]
    See ‘/data/gannet/ripley/R/packages/tests-clang/ucminf.Rcheck/00install.out’ for details.
    * used C compiler: ‘clang version 15.0.7’
    * used Fortran compiler: ‘GNU Fortran (GCC) 12.2.1 20221121 (Red Hat 12.2.1-4)’
Flavor: r-devel-linux-x86_64-fedora-clang

Version: 1.1-4.1
Check: compiled code
Result: NOTE
    File ‘ucminf/libs/ucminf.so’:
     Found no calls to: ‘R_registerRoutines’, ‘R_useDynamicSymbols’
    
    It is good practice to register native routines and to disable symbol
    search.
    
    See ‘Writing portable packages’ in the ‘Writing R Extensions’ manual.
Flavors: r-devel-linux-x86_64-fedora-clang, r-devel-linux-x86_64-fedora-gcc

Version: 1.1-4.1
Check: whether package can be installed
Result: WARN
    Found the following significant warnings:
     interface.c:114:14: warning: function declaration isn’t a prototype [-Wstrict-prototypes]
    See ‘/data/gannet/ripley/R/packages/tests-devel/ucminf.Rcheck/00install.out’ for details.
    * used C compiler: ‘gcc (GCC) 12.2.1 20221121 (Red Hat 12.2.1-4)’
    * used Fortran compiler: ‘GNU Fortran (GCC) 12.2.1 20221121 (Red Hat 12.2.1-4)’
Flavor: r-devel-linux-x86_64-fedora-gcc