CRAN Package Check Results for Package typed

Last updated on 2022-06-26 11:52:47 CEST.

Flavor Version Tinstall Tcheck Ttotal Status Flags
r-devel-linux-x86_64-debian-clang 0.0.1 2.40 30.36 32.76 NOTE
r-devel-linux-x86_64-debian-gcc 0.0.1 2.11 23.75 25.86 NOTE
r-devel-linux-x86_64-fedora-clang 0.0.1 50.81 NOTE
r-devel-linux-x86_64-fedora-gcc 0.0.1 50.63 NOTE
r-devel-windows-x86_64 0.0.1 10.00 57.00 67.00 NOTE
r-patched-linux-x86_64 0.0.1 2.58 29.53 32.11 NOTE
r-release-linux-x86_64 0.0.1 2.83 29.48 32.31 NOTE
r-release-macos-arm64 0.0.1 17.00 NOTE
r-release-macos-x86_64 0.0.1 24.00 NOTE
r-release-windows-x86_64 0.0.1 12.00 54.00 66.00 NOTE
r-oldrel-macos-arm64 0.0.1 20.00 NOTE
r-oldrel-macos-x86_64 0.0.1 23.00 NOTE
r-oldrel-windows-ix86+x86_64 0.0.1 7.00 50.00 57.00 NOTE

Check Details

Version: 0.0.1
Check: LazyData
Result: NOTE
     'LazyData' is specified without a 'data' directory
Flavors: r-devel-linux-x86_64-debian-clang, r-devel-linux-x86_64-debian-gcc, r-devel-linux-x86_64-fedora-clang, r-devel-linux-x86_64-fedora-gcc, r-devel-windows-x86_64, r-patched-linux-x86_64, r-release-linux-x86_64, r-release-macos-arm64, r-release-macos-x86_64, r-release-windows-x86_64, r-oldrel-macos-arm64, r-oldrel-macos-x86_64, r-oldrel-windows-ix86+x86_64