Last updated on 2023-12-07 11:49:52 CET.
Flavor | Version | Tinstall | Tcheck | Ttotal | Status | Flags |
---|---|---|---|---|---|---|
r-devel-linux-x86_64-debian-clang | 0.6.3 | 2.86 | 25.13 | 27.99 | NOTE | |
r-devel-linux-x86_64-debian-gcc | 0.6.3 | 2.01 | 20.27 | 22.28 | NOTE | |
r-devel-linux-x86_64-fedora-clang | 0.6.3 | 36.32 | OK | |||
r-devel-linux-x86_64-fedora-gcc | 0.6.3 | 34.16 | OK | |||
r-devel-windows-x86_64 | 0.6.3 | 3.00 | 46.00 | 49.00 | OK | |
r-patched-linux-x86_64 | 0.6.3 | 3.00 | 25.65 | 28.65 | OK | |
r-release-linux-x86_64 | 0.6.3 | 2.68 | 24.71 | 27.39 | OK | |
r-release-macos-arm64 | 0.6.3 | 15.00 | OK | |||
r-release-macos-x86_64 | 0.6.3 | 22.00 | OK | |||
r-release-windows-x86_64 | 0.6.3 | 4.00 | 46.00 | 50.00 | OK | |
r-oldrel-macos-arm64 | 0.6.3 | 17.00 | OK | |||
r-oldrel-macos-x86_64 | 0.6.3 | 21.00 | OK | |||
r-oldrel-windows-x86_64 | 0.6.3 | 5.00 | 48.00 | 53.00 | OK |
Version: 0.6.3
Check: Rd files
Result: NOTE
checkRd: (-1) twoway.Rd:66: Lost braces
66 | code{\link{twoway.formula}}, code{\link[stats]{medpolish}}
| ^
checkRd: (-1) twoway.Rd:66: Lost braces
66 | code{\link{twoway.formula}}, code{\link[stats]{medpolish}}
| ^
Flavors: r-devel-linux-x86_64-debian-clang, r-devel-linux-x86_64-debian-gcc