Last updated on 2023-12-04 13:51:08 CET.
Flavor | Version | Tinstall | Tcheck | Ttotal | Status | Flags |
---|---|---|---|---|---|---|
r-devel-linux-x86_64-debian-clang | 1.3 | 2.98 | 31.15 | 34.13 | NOTE | |
r-devel-linux-x86_64-debian-gcc | 1.3 | 2.16 | 23.70 | 25.86 | NOTE | |
r-devel-linux-x86_64-fedora-clang | 1.3 | 42.20 | OK | |||
r-devel-linux-x86_64-fedora-gcc | 1.3 | 41.05 | OK | |||
r-devel-windows-x86_64 | 1.3 | 4.00 | 48.00 | 52.00 | OK | |
r-patched-linux-x86_64 | 1.3 | 3.08 | 30.26 | 33.34 | OK | |
r-release-linux-x86_64 | 1.3 | 2.84 | 30.36 | 33.20 | OK | |
r-release-macos-arm64 | 1.3 | 18.00 | OK | |||
r-release-macos-x86_64 | 1.3 | 26.00 | OK | |||
r-release-windows-x86_64 | 1.3 | 4.00 | 50.00 | 54.00 | OK | |
r-oldrel-macos-arm64 | 1.3 | 21.00 | OK | |||
r-oldrel-macos-x86_64 | 1.3 | 26.00 | OK | |||
r-oldrel-windows-x86_64 | 1.3 | 5.00 | 55.00 | 60.00 | OK |
Version: 1.3
Check: Rd files
Result: NOTE
checkRd: (-1) threshold_estimate_ir.Rd:30: Lost braces; missing escapes or markup?
30 | \item{threshold_estimate_explanatory}{Point estimate of d_{0}}
| ^
checkRd: (-1) threshold_estimate_ir.Rd:31: Lost braces; missing escapes or markup?
31 | \item{threshold_estimate_response}{Estimate of f(d_{0}), which may not be
| ^
Flavors: r-devel-linux-x86_64-debian-clang, r-devel-linux-x86_64-debian-gcc