CRAN Package Check Results for Package twinning

Last updated on 2023-10-01 12:00:53 CEST.

Flavor Version Tinstall Tcheck Ttotal Status Flags
r-devel-linux-x86_64-debian-clang 1.0 22.11 29.20 51.31 NOTE
r-devel-linux-x86_64-debian-gcc 1.0 14.02 22.89 36.91 NOTE
r-devel-linux-x86_64-fedora-clang 1.0 72.15 NOTE
r-devel-linux-x86_64-fedora-gcc 1.0 67.47 NOTE
r-devel-windows-x86_64 1.0 17.00 70.00 87.00 NOTE
r-patched-linux-x86_64 1.0 18.22 28.20 46.42 NOTE
r-release-linux-x86_64 1.0 21.14 28.20 49.34 NOTE
r-release-macos-arm64 1.0 25.00 NOTE
r-release-macos-x86_64 1.0 37.00 NOTE
r-release-windows-x86_64 1.0 18.00 77.00 95.00 NOTE
r-oldrel-macos-arm64 1.0 25.00 OK
r-oldrel-macos-x86_64 1.0 30.00 OK
r-oldrel-windows-x86_64 1.0 22.00 67.00 89.00 OK

Check Details

Version: 1.0
Check: C++ specification
Result: NOTE
     Specified C++11: please drop specification unless essential
Flavors: r-devel-linux-x86_64-debian-clang, r-devel-linux-x86_64-debian-gcc, r-devel-linux-x86_64-fedora-clang, r-devel-linux-x86_64-fedora-gcc, r-devel-windows-x86_64, r-patched-linux-x86_64, r-release-linux-x86_64, r-release-macos-arm64, r-release-macos-x86_64, r-release-windows-x86_64