Last updated on 2024-04-17 10:41:54 CEST.
Flavor | Version | Tinstall | Tcheck | Ttotal | Status | Flags |
---|---|---|---|---|---|---|
r-devel-linux-x86_64-debian-clang | 1.0 | 19.80 | 30.12 | 49.92 | NOTE | |
r-devel-linux-x86_64-debian-gcc | 1.0 | 15.44 | 22.79 | 38.23 | NOTE | |
r-devel-linux-x86_64-fedora-clang | 1.0 | 73.48 | NOTE | |||
r-devel-linux-x86_64-fedora-gcc | 1.0 | 67.86 | NOTE | |||
r-prerel-macos-arm64 | 1.0 | 23.00 | NOTE | |||
r-prerel-windows-x86_64 | 1.0 | 18.00 | 72.00 | 90.00 | NOTE | |
r-patched-linux-x86_64 | 1.0 | 20.51 | 28.05 | 48.56 | NOTE | |
r-release-linux-x86_64 | 1.0 | 19.93 | 29.12 | 49.05 | NOTE | |
r-release-macos-arm64 | 1.0 | 25.00 | NOTE | |||
r-release-macos-x86_64 | 1.0 | 37.00 | NOTE | |||
r-release-windows-x86_64 | 1.0 | 17.00 | 77.00 | 94.00 | NOTE | |
r-oldrel-macos-arm64 | 1.0 | 25.00 | OK | |||
r-oldrel-windows-x86_64 | 1.0 | 24.00 | 70.00 | 94.00 | OK |
Version: 1.0
Check: C++ specification
Result: NOTE
Specified C++11: please drop specification unless essential
Flavors: r-devel-linux-x86_64-debian-clang, r-devel-linux-x86_64-debian-gcc, r-devel-linux-x86_64-fedora-clang, r-devel-linux-x86_64-fedora-gcc, r-prerel-macos-arm64, r-prerel-windows-x86_64, r-patched-linux-x86_64, r-release-linux-x86_64, r-release-macos-arm64, r-release-macos-x86_64, r-release-windows-x86_64