CRAN Package Check Results for Package twilio

Last updated on 2023-02-02 11:54:19 CET.

Flavor Version Tinstall Tcheck Ttotal Status Flags
r-devel-linux-x86_64-debian-clang 0.1.0 4.17 40.21 44.38 NOTE
r-devel-linux-x86_64-debian-gcc 0.1.0 3.68 31.45 35.13 NOTE
r-devel-linux-x86_64-fedora-clang 0.1.0 56.73 NOTE
r-devel-linux-x86_64-fedora-gcc 0.1.0 58.60 NOTE
r-patched-linux-x86_64 0.1.0 4.87 39.06 43.93 NOTE
r-release-linux-x86_64 0.1.0 4.41 40.09 44.50 NOTE
r-release-macos-arm64 0.1.0 16.00 NOTE
r-release-macos-x86_64 0.1.0 27.00 NOTE
r-release-windows-x86_64 0.1.0 14.00 70.00 84.00 NOTE
r-oldrel-macos-arm64 0.1.0 23.00 NOTE
r-oldrel-macos-x86_64 0.1.0 33.00 NOTE
r-oldrel-windows-ix86+x86_64 0.1.0 9.00 67.00 76.00 NOTE

Check Details

Version: 0.1.0
Check: LazyData
Result: NOTE
     'LazyData' is specified without a 'data' directory
Flavors: r-devel-linux-x86_64-debian-clang, r-devel-linux-x86_64-debian-gcc, r-devel-linux-x86_64-fedora-clang, r-devel-linux-x86_64-fedora-gcc, r-patched-linux-x86_64, r-release-linux-x86_64, r-release-macos-arm64, r-release-macos-x86_64, r-release-windows-x86_64, r-oldrel-macos-arm64, r-oldrel-macos-x86_64, r-oldrel-windows-ix86+x86_64