CRAN Package Check Results for Package twangRDC

Last updated on 2022-06-27 11:50:57 CEST.

Flavor Version Tinstall Tcheck Ttotal Status Flags
r-devel-linux-x86_64-debian-clang 1.0 10.89 742.32 753.21 OK
r-devel-linux-x86_64-debian-gcc 1.0 8.97 1047.19 1056.16 OK
r-devel-linux-x86_64-fedora-clang 1.0 777.35 NOTE
r-devel-linux-x86_64-fedora-gcc 1.0 976.04 OK
r-devel-windows-x86_64 1.0 25.00 434.00 459.00 OK
r-patched-linux-x86_64 1.0 16.39 965.18 981.57 OK
r-release-linux-x86_64 1.0 9.00 1001.45 1010.45 OK
r-release-macos-arm64 1.0 287.00 OK
r-release-macos-x86_64 1.0 459.00 OK
r-release-windows-x86_64 1.0 20.00 431.00 451.00 OK
r-oldrel-macos-arm64 1.0 249.00 OK
r-oldrel-macos-x86_64 1.0 237.00 OK
r-oldrel-windows-ix86+x86_64 1.0 27.00 445.00 472.00 OK

Check Details

Version: 1.0
Check: Rd cross-references
Result: NOTE
    Undeclared package ‘twang’ in Rd xrefs
Flavor: r-devel-linux-x86_64-fedora-clang