Last updated on 2024-03-28 09:52:00 CET.
Flavor | Version | Tinstall | Tcheck | Ttotal | Status | Flags |
---|---|---|---|---|---|---|
r-devel-linux-x86_64-debian-clang | 1.0.0 | 8.90 | 87.62 | 96.52 | OK | |
r-devel-linux-x86_64-debian-gcc | 1.0.0 | 6.93 | 67.45 | 74.38 | OK | |
r-devel-linux-x86_64-fedora-clang | 1.0.0 | 132.37 | NOTE | |||
r-devel-linux-x86_64-fedora-gcc | 1.0.0 | 144.36 | NOTE | |||
r-devel-windows-x86_64 | 1.0.0 | 8.00 | 81.00 | 89.00 | OK | |
r-patched-linux-x86_64 | 1.0.0 | 10.33 | 87.23 | 97.56 | OK | |
r-release-linux-x86_64 | 1.0.0 | 9.34 | 87.76 | 97.10 | OK | |
r-release-macos-arm64 | 1.0.0 | 50.00 | OK | |||
r-release-macos-x86_64 | 1.0.0 | 74.00 | OK | |||
r-release-windows-x86_64 | 1.0.0 | 10.00 | 99.00 | 109.00 | OK | |
r-oldrel-macos-arm64 | 1.0.0 | 37.00 | NOTE | |||
r-oldrel-windows-x86_64 | 1.0.0 | 11.00 | 98.00 | 109.00 | OK |
Version: 1.0.0
Check: dependencies in R code
Result: NOTE
Namespace in Imports field not imported from: ‘Rcpp’
All declared Imports should be used.
Flavors: r-devel-linux-x86_64-fedora-clang, r-devel-linux-x86_64-fedora-gcc, r-oldrel-macos-arm64