CRAN Package Check Results for Package tvgarch

Last updated on 2025-07-15 12:49:36 CEST.

Flavor Version Tinstall Tcheck Ttotal Status Flags
r-devel-linux-x86_64-debian-clang 2.4.2 7.31 65.86 73.17 NOTE
r-devel-linux-x86_64-debian-gcc 2.4.2 5.53 44.37 49.90 NOTE
r-devel-linux-x86_64-fedora-clang 2.4.2 120.28 OK
r-devel-linux-x86_64-fedora-gcc 2.4.2 119.55 OK
r-devel-windows-x86_64 2.4.2 7.00 97.00 104.00 NOTE
r-patched-linux-x86_64 2.4.2 7.42 61.87 69.29 NOTE
r-release-linux-x86_64 2.4.2 6.33 64.18 70.51 NOTE
r-release-macos-arm64 2.4.2 36.00 OK
r-release-macos-x86_64 2.4.2 67.00 OK
r-release-windows-x86_64 2.4.2 7.00 101.00 108.00 NOTE
r-oldrel-macos-arm64 2.4.2 33.00 OK
r-oldrel-macos-x86_64 2.4.2 52.00 OK
r-oldrel-windows-x86_64 2.4.2 10.00 111.00 121.00 OK

Check Details

Version: 2.4.2
Check: CRAN incoming feasibility
Result: NOTE Maintainer: ‘Susana Campos-Martins <scmartins@ucp.pt>’ No Authors@R field in DESCRIPTION. Please add one, modifying Authors@R: c(person(given = "Susana", family = "Campos-Martins", role = c("aut", "cre"), email = "scmartins@ucp.pt"), person(given = "Genaro", family = "Sucarrat", role = "ctb")) as necessary. Flavors: r-devel-linux-x86_64-debian-clang, r-devel-linux-x86_64-debian-gcc

Version: 2.4.2
Check: Rd cross-references
Result: NOTE Found the following Rd file(s) with Rd \link{} targets missing package anchors: coef.mtvgarch.Rd: zoo, garchx coef.tvgarch.Rd: zoo coef.tvgarchTest.Rd: zoo mtvgarch.Rd: zoo, garchx mtvgarchSim.Rd: zoo, garchx tvgarch.Rd: zoo, garchx tvgarchObj.Rd: zoo tvgarchSim.Rd: zoo, garchx tvgarchTest.Rd: zoo, garchx Please provide package anchors for all Rd \link{} targets not in the package itself and the base packages. Flavors: r-devel-linux-x86_64-debian-clang, r-devel-linux-x86_64-debian-gcc, r-devel-windows-x86_64, r-patched-linux-x86_64, r-release-linux-x86_64, r-release-windows-x86_64