CRAN Package Check Results for Package turner

Last updated on 2024-06-17 11:57:41 CEST.

Flavor Version Tinstall Tcheck Ttotal Status Flags
r-devel-linux-x86_64-debian-clang 0.1.9 2.53 30.60 33.13 OK
r-devel-linux-x86_64-debian-gcc 0.1.9 2.02 24.08 26.10 OK
r-devel-linux-x86_64-fedora-clang 0.1.9 45.61 OK
r-devel-linux-x86_64-fedora-gcc 0.1.9 53.02 OK
r-devel-windows-x86_64 0.1.9 3.00 58.00 61.00 OK
r-patched-linux-x86_64 0.1.9 2.76 30.26 33.02 OK
r-release-linux-x86_64 0.1.9 2.57 29.61 32.18 OK
r-release-macos-arm64 0.1.9 23.00 OK
r-release-macos-x86_64 0.1.9 36.00 WARN
r-release-windows-x86_64 0.1.9 3.00 63.00 66.00 OK
r-oldrel-macos-arm64 0.1.9 29.00 OK
r-oldrel-macos-x86_64 0.1.9 52.00 OK
r-oldrel-windows-x86_64 0.1.9 4.00 59.00 63.00 OK

Check Details

Version: 0.1.9
Check: re-building of vignette outputs
Result: WARN Error(s) in re-building vignettes: ... --- re-building ‘turner_introduction.Rnw’ using knitr Error: processing vignette 'turner_introduction.Rnw' failed with diagnostics: Running 'texi2dvi' on 'turner_introduction.tex' failed. LaTeX errors: ! Undefined control sequence. l.114 \hlkwd{library}\hldef {(turner)} ? ! Emergency stop. ! Emergency stop. l.114 End of file on the terminal! ! ==> Fatal error occurred, no output PDF file produced! --- failed re-building ‘turner_introduction.Rnw’ SUMMARY: processing the following file failed: ‘turner_introduction.Rnw’ Error: Vignette re-building failed. Execution halted Flavor: r-release-macos-x86_64