Last updated on 2024-04-17 10:41:54 CEST.
Flavor | Version | Tinstall | Tcheck | Ttotal | Status | Flags |
---|---|---|---|---|---|---|
r-devel-linux-x86_64-debian-clang | 1.2.0 | 24.69 | 188.34 | 213.03 | OK | |
r-devel-linux-x86_64-debian-gcc | 1.2.0 | 22.01 | 136.09 | 158.10 | OK | |
r-devel-linux-x86_64-fedora-clang | 1.2.0 | 265.96 | NOTE | |||
r-devel-linux-x86_64-fedora-gcc | 1.2.0 | 246.63 | OK | |||
r-prerel-macos-arm64 | 1.2.0 | 68.00 | OK | |||
r-prerel-macos-x86_64 | 1.2.0 | 213.00 | OK | |||
r-prerel-windows-x86_64 | 1.2.0 | 22.00 | 147.00 | 169.00 | OK | |
r-patched-linux-x86_64 | 1.2.0 | 24.23 | 175.65 | 199.88 | OK | |
r-release-linux-x86_64 | 1.2.0 | 19.95 | 180.01 | 199.96 | OK | |
r-release-macos-arm64 | 1.2.0 | 74.00 | OK | |||
r-release-macos-x86_64 | 1.2.0 | 164.00 | OK | |||
r-release-windows-x86_64 | 1.2.0 | 32.00 | 183.00 | 215.00 | OK | |
r-oldrel-macos-arm64 | 1.2.0 | 68.00 | OK | |||
r-oldrel-windows-x86_64 | 1.2.0 | 32.00 | 176.00 | 208.00 | OK |
Version: 1.2.0
Check: package dependencies
Result: NOTE
Imports includes 24 non-default packages.
Importing from so many packages makes the package vulnerable to any of
them becoming unavailable. Move as many as possible to Suggests and
use conditionally.
Flavor: r-devel-linux-x86_64-fedora-clang