Last updated on 2024-04-18 12:53:05 CEST.
Flavor | Version | Tinstall | Tcheck | Ttotal | Status | Flags |
---|---|---|---|---|---|---|
r-devel-linux-x86_64-debian-clang | 0.9.9 | 8.01 | 66.67 | 74.68 | NOTE | |
r-devel-linux-x86_64-debian-gcc | 0.9.9 | 5.98 | 49.23 | 55.21 | NOTE | |
r-devel-linux-x86_64-fedora-clang | 0.9.9 | 97.06 | NOTE | |||
r-devel-linux-x86_64-fedora-gcc | 0.9.9 | 99.14 | NOTE | |||
r-prerel-macos-arm64 | 0.9.9 | 36.00 | NOTE | |||
r-prerel-windows-x86_64 | 0.9.9 | 9.00 | 80.00 | 89.00 | NOTE | |
r-patched-linux-x86_64 | 0.9.9 | 10.89 | 62.38 | 73.27 | NOTE | |
r-release-linux-x86_64 | 0.9.9 | 6.56 | 61.54 | 68.10 | NOTE | |
r-release-macos-arm64 | 0.9.9 | 37.00 | NOTE | |||
r-release-macos-x86_64 | 0.9.9 | 54.00 | NOTE | |||
r-release-windows-x86_64 | 0.9.9 | 10.00 | 90.00 | 100.00 | NOTE | |
r-oldrel-macos-arm64 | 0.9.9 | 28.00 | NOTE | |||
r-oldrel-windows-x86_64 | 0.9.9 | 9.00 | 86.00 | 95.00 | NOTE |
Version: 0.9.9
Check: LazyData
Result: NOTE
'LazyData' is specified without a 'data' directory
Flavors: r-devel-linux-x86_64-debian-clang, r-devel-linux-x86_64-debian-gcc, r-devel-linux-x86_64-fedora-clang, r-devel-linux-x86_64-fedora-gcc, r-prerel-macos-arm64, r-prerel-windows-x86_64, r-patched-linux-x86_64, r-release-linux-x86_64, r-release-macos-arm64, r-release-macos-x86_64, r-release-windows-x86_64, r-oldrel-macos-arm64, r-oldrel-windows-x86_64