Last updated on 2025-05-07 11:55:45 CEST.
Flavor | Version | Tinstall | Tcheck | Ttotal | Status | Flags |
---|---|---|---|---|---|---|
r-devel-linux-x86_64-debian-clang | 0.3-1 | 54.78 | 81.30 | 136.08 | NOTE | |
r-devel-linux-x86_64-debian-gcc | 0.3-1 | 40.61 | 62.71 | 103.32 | NOTE | |
r-devel-linux-x86_64-fedora-clang | 0.3-1 | 231.37 | OK | |||
r-devel-linux-x86_64-fedora-gcc | 0.3-1 | 249.15 | OK | |||
r-devel-windows-x86_64 | 0.3-1 | 68.00 | 111.00 | 179.00 | NOTE | |
r-patched-linux-x86_64 | 0.3-1 | 56.27 | 77.98 | 134.25 | NOTE | |
r-release-linux-x86_64 | 0.3-1 | 55.07 | 77.53 | 132.60 | NOTE | |
r-release-macos-arm64 | 0.3-1 | 69.00 | OK | |||
r-release-macos-x86_64 | 0.3-1 | 117.00 | OK | |||
r-release-windows-x86_64 | 0.3-1 | 66.00 | 114.00 | 180.00 | NOTE | |
r-oldrel-macos-arm64 | 0.3-1 | 79.00 | OK | |||
r-oldrel-macos-x86_64 | 0.3-1 | 85.00 | OK | |||
r-oldrel-windows-x86_64 | 0.3-1 | 79.00 | 138.00 | 217.00 | OK |
Version: 0.3-1
Check: Rd cross-references
Result: NOTE
Found the following Rd file(s) with Rd \link{} targets missing package
anchors:
plotmatch.Rd: ppp
sumppdist.Rd: ppp, solist
Please provide package anchors for all Rd \link{} targets not in the
package itself and the base packages.
Flavors: r-devel-linux-x86_64-debian-clang, r-devel-linux-x86_64-debian-gcc, r-devel-windows-x86_64, r-patched-linux-x86_64, r-release-linux-x86_64, r-release-windows-x86_64