Last updated on 2024-03-28 09:52:00 CET.
Flavor | Version | Tinstall | Tcheck | Ttotal | Status | Flags |
---|---|---|---|---|---|---|
r-devel-linux-x86_64-debian-clang | 0.4.15 | 50.55 | 134.63 | 185.18 | NOTE | |
r-devel-linux-x86_64-debian-gcc | 0.4.15 | 45.82 | 95.91 | 141.73 | NOTE | |
r-devel-linux-x86_64-fedora-clang | 0.4.15 | 254.93 | NOTE | |||
r-devel-linux-x86_64-fedora-gcc | 0.4.15 | 259.30 | NOTE | |||
r-devel-windows-x86_64 | 0.4.15 | 47.00 | 142.00 | 189.00 | NOTE | |
r-patched-linux-x86_64 | 0.4.15 | 51.32 | 129.90 | 181.22 | NOTE | |
r-release-linux-x86_64 | 0.4.15 | 51.48 | 125.62 | 177.10 | NOTE | |
r-release-macos-arm64 | 0.4.15 | 71.00 | NOTE | |||
r-release-macos-x86_64 | 0.4.15 | 114.00 | NOTE | |||
r-release-windows-x86_64 | 0.4.15 | 59.00 | 178.00 | 237.00 | NOTE | |
r-oldrel-macos-arm64 | 0.4.15 | 63.00 | NOTE | |||
r-oldrel-windows-x86_64 | 0.4.15 | 60.00 | 149.00 | 209.00 | NOTE |
Version: 0.4.15
Check: C++ specification
Result: NOTE
Specified C++11: please drop specification unless essential
Flavors: r-devel-linux-x86_64-debian-clang, r-devel-linux-x86_64-debian-gcc, r-devel-linux-x86_64-fedora-clang, r-devel-linux-x86_64-fedora-gcc, r-devel-windows-x86_64, r-patched-linux-x86_64, r-release-linux-x86_64, r-release-macos-arm64, r-release-macos-x86_64, r-release-windows-x86_64
Version: 0.4.15
Check: for GNU extensions in Makefiles
Result: NOTE
GNU make is a SystemRequirements.
Flavors: r-devel-linux-x86_64-debian-clang, r-devel-linux-x86_64-debian-gcc, r-devel-linux-x86_64-fedora-clang, r-devel-linux-x86_64-fedora-gcc, r-devel-windows-x86_64, r-patched-linux-x86_64, r-release-linux-x86_64, r-release-macos-arm64, r-release-macos-x86_64, r-release-windows-x86_64, r-oldrel-macos-arm64, r-oldrel-windows-x86_64
Version: 0.4.15
Check: installed package size
Result: NOTE
installed size is 6.3Mb
sub-directories of 1Mb or more:
data 4.6Mb
Flavors: r-devel-linux-x86_64-fedora-clang, r-devel-windows-x86_64, r-release-macos-arm64, r-release-macos-x86_64, r-release-windows-x86_64, r-oldrel-macos-arm64, r-oldrel-windows-x86_64