CRAN Package Check Results for Package tseriesChaos

Last updated on 2024-05-27 12:52:02 CEST.

Flavor Version Tinstall Tcheck Ttotal Status Flags
r-devel-linux-x86_64-debian-clang 0.1-13.1 4.06 29.85 33.91 OK
r-devel-linux-x86_64-debian-gcc 0.1-13.1 3.59 22.89 26.48 OK
r-devel-linux-x86_64-fedora-clang 0.1-13.1 44.06 NOTE
r-devel-linux-x86_64-fedora-gcc 0.1-13.1 43.11 NOTE
r-devel-windows-x86_64 0.1-13.1 9.00 51.00 60.00 OK
r-patched-linux-x86_64 0.1-13.1 4.88 28.12 33.00 OK
r-release-linux-x86_64 0.1-13.1 4.13 27.67 31.80 OK
r-release-macos-arm64 0.1-13.1 20.00 OK
r-release-windows-x86_64 0.1-13.1 10.00 49.00 59.00 OK
r-oldrel-macos-arm64 0.1-13.1 30.00 OK
r-oldrel-macos-x86_64 0.1-13.1 27.00 OK
r-oldrel-windows-x86_64 0.1-13.1 11.00 50.00 61.00 OK

Check Details

Version: 0.1-13.1
Check: compiled code
Result: NOTE File ‘tseriesChaos/libs/tseriesChaos.so’: Found no calls to: ‘R_registerRoutines’, ‘R_useDynamicSymbols’ It is good practice to register native routines and to disable symbol search. See ‘Writing portable packages’ in the ‘Writing R Extensions’ manual. Flavors: r-devel-linux-x86_64-fedora-clang, r-devel-linux-x86_64-fedora-gcc