Last updated on 2024-04-19 11:57:04 CEST.
Flavor | Version | Tinstall | Tcheck | Ttotal | Status | Flags |
---|---|---|---|---|---|---|
r-devel-linux-x86_64-debian-clang | 0.10-55 | 12.28 | 58.66 | 70.94 | OK | |
r-devel-linux-x86_64-debian-gcc | 0.10-55 | OK | ||||
r-devel-linux-x86_64-fedora-clang | 0.10-55 | 85.06 | NOTE | |||
r-devel-linux-x86_64-fedora-gcc | 0.10-55 | 81.46 | NOTE | |||
r-prerel-macos-arm64 | 0.10-55 | 33.00 | OK | |||
r-prerel-windows-x86_64 | 0.10-55 | 14.00 | 74.00 | 88.00 | OK | |
r-patched-linux-x86_64 | 0.10-55 | 11.67 | 55.18 | 66.85 | OK | |
r-release-linux-x86_64 | 0.10-55 | 7.54 | 56.62 | 64.16 | OK | |
r-release-macos-arm64 | 0.10-55 | 41.00 | OK | |||
r-release-macos-x86_64 | 0.10-55 | 67.00 | OK | |||
r-release-windows-x86_64 | 0.10-55 | 17.00 | 83.00 | 100.00 | OK | |
r-oldrel-macos-arm64 | 0.10-55 | 42.00 | OK | |||
r-oldrel-windows-x86_64 | 0.10-55 | 16.00 | 84.00 | 100.00 | OK |
Version: 0.10-55
Check: dependencies in R code
Result: NOTE
Namespace in Imports field not imported from: ‘jsonlite’
All declared Imports should be used.
Flavors: r-devel-linux-x86_64-fedora-clang, r-devel-linux-x86_64-fedora-gcc