Last updated on 2025-01-24 12:48:59 CET.
Flavor | Version | Tinstall | Tcheck | Ttotal | Status | Flags |
---|---|---|---|---|---|---|
r-devel-linux-x86_64-debian-clang | 0.10-58 | 9.15 | 45.88 | 55.03 | OK | |
r-devel-linux-x86_64-debian-gcc | 0.10-58 | 6.50 | 34.16 | 40.66 | OK | |
r-devel-linux-x86_64-fedora-clang | 0.10-58 | 88.49 | NOTE | |||
r-devel-linux-x86_64-fedora-gcc | 0.10-58 | 81.60 | NOTE | |||
r-devel-windows-x86_64 | 0.10-58 | 18.00 | 77.00 | 95.00 | OK | |
r-patched-linux-x86_64 | 0.10-58 | 9.18 | 42.89 | 52.07 | OK | |
r-release-linux-x86_64 | 0.10-58 | 7.41 | 42.78 | 50.19 | OK | |
r-release-macos-arm64 | 0.10-58 | 34.00 | OK | |||
r-release-macos-x86_64 | 0.10-58 | 49.00 | OK | |||
r-release-windows-x86_64 | 0.10-58 | 14.00 | 76.00 | 90.00 | OK | |
r-oldrel-macos-arm64 | 0.10-58 | 40.00 | OK | |||
r-oldrel-macos-x86_64 | 0.10-58 | 54.00 | OK | |||
r-oldrel-windows-x86_64 | 0.10-58 | 18.00 | 87.00 | 105.00 | OK |
Version: 0.10-58
Check: dependencies in R code
Result: NOTE
Namespace in Imports field not imported from: ‘jsonlite’
All declared Imports should be used.
Flavors: r-devel-linux-x86_64-fedora-clang, r-devel-linux-x86_64-fedora-gcc