Last updated on 2025-05-07 11:55:45 CEST.
Flavor | Version | Tinstall | Tcheck | Ttotal | Status | Flags |
---|---|---|---|---|---|---|
r-devel-linux-x86_64-debian-clang | 1.0.5 | 10.40 | 75.58 | 85.98 | NOTE | |
r-devel-linux-x86_64-debian-gcc | 1.0.5 | 6.67 | 57.01 | 63.68 | NOTE | |
r-devel-linux-x86_64-fedora-clang | 1.0.5 | 124.17 | OK | |||
r-devel-linux-x86_64-fedora-gcc | 1.0.5 | 128.25 | OK | |||
r-devel-windows-x86_64 | 1.0.5 | 11.00 | 83.00 | 94.00 | OK | |
r-patched-linux-x86_64 | 1.0.5 | 10.13 | 71.93 | 82.06 | OK | |
r-release-linux-x86_64 | 1.0.5 | 9.66 | 72.20 | 81.86 | OK | |
r-release-macos-arm64 | 1.0.5 | 44.00 | OK | |||
r-release-macos-x86_64 | 1.0.5 | 71.00 | OK | |||
r-release-windows-x86_64 | 1.0.5 | 13.00 | 85.00 | 98.00 | OK | |
r-oldrel-macos-arm64 | 1.0.5 | 37.00 | OK | |||
r-oldrel-macos-x86_64 | 1.0.5 | 55.00 | OK | |||
r-oldrel-windows-x86_64 | 1.0.5 | 16.00 | 107.00 | 123.00 | OK |
Version: 1.0.5
Check: CRAN incoming feasibility
Result: NOTE
Maintainer: ‘Hakki Sabah <hakkisabah@hotmail.com>’
No Authors@R field in DESCRIPTION.
Please add one, modifying
Authors@R: person(given = "Hakki",
family = "Sabah",
role = c("aut", "cre"),
email = "hakkisabah@hotmail.com")
as necessary.
Flavors: r-devel-linux-x86_64-debian-clang, r-devel-linux-x86_64-debian-gcc