CRAN Package Check Results for Package tsBSS

Last updated on 2024-03-02 11:49:47 CET.

Flavor Version Tinstall Tcheck Ttotal Status Flags
r-devel-linux-x86_64-debian-clang 1.0.0 44.36 163.74 208.10 NOTE
r-devel-linux-x86_64-debian-gcc 1.0.0 34.99 120.16 155.15 NOTE
r-devel-linux-x86_64-fedora-clang 1.0.0 264.99 NOTE
r-devel-linux-x86_64-fedora-gcc 1.0.0 256.31 NOTE
r-devel-windows-x86_64 1.0.0 39.00 157.00 196.00 OK
r-patched-linux-x86_64 1.0.0 42.32 152.66 194.98 OK
r-release-linux-x86_64 1.0.0 41.10 155.28 196.38 OK
r-release-macos-arm64 1.0.0 79.00 OK
r-release-macos-x86_64 1.0.0 127.00 OK
r-release-windows-x86_64 1.0.0 53.00 187.00 240.00 OK
r-oldrel-macos-arm64 1.0.0 70.00 OK
r-oldrel-windows-x86_64 1.0.0 49.00 185.00 234.00 OK

Check Details

Version: 1.0.0
Check: Rd files
Result: NOTE checkRd: (-1) tsBSS-package.Rd:23: Lost braces in \itemize; meant \describe ? checkRd: (-1) tsBSS-package.Rd:24: Lost braces in \itemize; meant \describe ? checkRd: (-1) tsBSS-package.Rd:25: Lost braces in \itemize; meant \describe ? checkRd: (-1) tsBSS-package.Rd:26: Lost braces in \itemize; meant \describe ? checkRd: (-1) tsBSS-package.Rd:27: Lost braces in \itemize; meant \describe ? checkRd: (-1) tsBSS-package.Rd:28: Lost braces in \itemize; meant \describe ? checkRd: (-1) tsBSS-package.Rd:34: Lost braces in \itemize; meant \describe ? Flavors: r-devel-linux-x86_64-debian-clang, r-devel-linux-x86_64-debian-gcc, r-devel-linux-x86_64-fedora-clang, r-devel-linux-x86_64-fedora-gcc