Last updated on 2025-10-10 11:51:22 CEST.
Flavor | Version | Tinstall | Tcheck | Ttotal | Status | Flags |
---|---|---|---|---|---|---|
r-devel-linux-x86_64-debian-clang | 0.2.6 | 1.74 | 21.79 | 23.53 | OK | |
r-devel-linux-x86_64-debian-gcc | 0.2.6 | 1.58 | 17.53 | 19.11 | OK | |
r-devel-linux-x86_64-fedora-clang | 0.2.6 | 36.75 | OK | |||
r-devel-linux-x86_64-fedora-gcc | 0.2.6 | 33.39 | OK | |||
r-devel-windows-x86_64 | 0.2.6 | 4.00 | 43.00 | 47.00 | OK | |
r-patched-linux-x86_64 | 0.2.6 | 1.89 | 20.63 | 22.52 | OK | |
r-release-linux-x86_64 | 0.2.6 | 1.85 | 20.96 | 22.81 | OK | |
r-release-macos-arm64 | 0.2.6 | 22.00 | OK | |||
r-release-macos-x86_64 | 0.2.6 | 29.00 | OK | |||
r-release-windows-x86_64 | 0.2.6 | 4.00 | 61.00 | 65.00 | OK | |
r-oldrel-macos-arm64 | 0.2.6 | 15.00 | NOTE | |||
r-oldrel-macos-x86_64 | 0.2.6 | 21.00 | NOTE | |||
r-oldrel-windows-x86_64 | 0.2.6 | 5.00 | 47.00 | 52.00 | NOTE |
Version: 0.2.6
Check: LazyData
Result: NOTE
'LazyData' is specified without a 'data' directory
Flavors: r-oldrel-macos-arm64, r-oldrel-macos-x86_64, r-oldrel-windows-x86_64