Last updated on 2024-04-22 12:55:58 CEST.
Flavor | Version | Tinstall | Tcheck | Ttotal | Status | Flags |
---|---|---|---|---|---|---|
r-devel-linux-x86_64-debian-clang | 0.8.7.3 | 47.60 | 77.61 | 125.21 | NOTE | |
r-devel-linux-x86_64-debian-gcc | 0.8.7.3 | 42.23 | 58.78 | 101.01 | NOTE | |
r-devel-linux-x86_64-fedora-clang | 0.8.7.3 | 163.77 | NOTE | |||
r-devel-linux-x86_64-fedora-gcc | 0.8.7.3 | 204.12 | NOTE | |||
r-prerel-macos-arm64 | 0.8.7.3 | 54.00 | NOTE | |||
r-prerel-windows-x86_64 | 0.8.7.3 | 39.00 | 93.00 | 132.00 | NOTE | |
r-patched-linux-x86_64 | 0.8.7.3 | 56.05 | 75.07 | 131.12 | NOTE | |
r-release-linux-x86_64 | 0.8.7.3 | 43.34 | 77.06 | 120.40 | NOTE | |
r-release-macos-arm64 | 0.8.7.3 | 68.00 | NOTE | |||
r-release-macos-x86_64 | 0.8.7.3 | 100.00 | NOTE | |||
r-release-windows-x86_64 | 0.8.7.3 | 47.00 | 111.00 | 158.00 | NOTE | |
r-oldrel-macos-arm64 | 0.8.7.3 | 51.00 | NOTE | |||
r-oldrel-windows-x86_64 | 0.8.7.3 | 46.00 | 112.00 | 158.00 | OK |
Version: 0.8.7.3
Check: C++ specification
Result: NOTE
Specified C++11: please drop specification unless essential
Flavors: r-devel-linux-x86_64-debian-clang, r-devel-linux-x86_64-debian-gcc, r-devel-linux-x86_64-fedora-clang, r-devel-linux-x86_64-fedora-gcc, r-prerel-macos-arm64, r-prerel-windows-x86_64, r-patched-linux-x86_64, r-release-linux-x86_64, r-release-macos-arm64, r-release-macos-x86_64, r-release-windows-x86_64
Version: 0.8.7.3
Check: installed package size
Result: NOTE
installed size is 8.4Mb
sub-directories of 1Mb or more:
libs 8.1Mb
Flavors: r-prerel-macos-arm64, r-release-macos-arm64, r-release-macos-x86_64, r-oldrel-macos-arm64