CRAN Package Check Results for Package truncSP

Last updated on 2022-08-13 11:50:22 CEST.

Flavor Version Tinstall Tcheck Ttotal Status Flags
r-devel-linux-x86_64-debian-clang 1.2.2 5.34 46.83 52.17 NOTE
r-devel-linux-x86_64-debian-gcc 1.2.2 3.75 36.48 40.23 NOTE
r-devel-linux-x86_64-fedora-clang 1.2.2 72.34 NOTE
r-devel-linux-x86_64-fedora-gcc 1.2.2 76.08 NOTE
r-devel-windows-x86_64 1.2.2 15.00 73.00 88.00 NOTE
r-patched-linux-x86_64 1.2.2 3.98 45.67 49.65 NOTE
r-release-linux-x86_64 1.2.2 3.45 45.95 49.40 NOTE
r-release-macos-arm64 1.2.2 24.00 NOTE
r-release-macos-x86_64 1.2.2 32.00 NOTE
r-release-windows-x86_64 1.2.2 20.00 77.00 97.00 NOTE
r-oldrel-macos-arm64 1.2.2 29.00 NOTE
r-oldrel-macos-x86_64 1.2.2 41.00 NOTE
r-oldrel-windows-ix86+x86_64 1.2.2 11.00 72.00 83.00 NOTE

Check Details

Version: 1.2.2
Check: DESCRIPTION meta-information
Result: NOTE
    Malformed Description field: should contain one or more complete sentences.
Flavors: r-devel-linux-x86_64-debian-clang, r-devel-linux-x86_64-debian-gcc, r-devel-linux-x86_64-fedora-clang, r-devel-linux-x86_64-fedora-gcc, r-devel-windows-x86_64, r-patched-linux-x86_64, r-release-linux-x86_64, r-release-macos-arm64, r-release-macos-x86_64, r-release-windows-x86_64, r-oldrel-macos-arm64, r-oldrel-macos-x86_64, r-oldrel-windows-ix86+x86_64