CRAN Package Check Results for Package truelies

Last updated on 2022-06-30 11:53:22 CEST.

Flavor Version Tinstall Tcheck Ttotal Status Flags
r-devel-linux-x86_64-debian-clang 0.2.0 2.66 27.30 29.96 NOTE
r-devel-linux-x86_64-debian-gcc 0.2.0 1.94 20.79 22.73 NOTE
r-devel-linux-x86_64-fedora-clang 0.2.0 45.96 NOTE
r-devel-linux-x86_64-fedora-gcc 0.2.0 45.25 NOTE
r-devel-windows-x86_64 0.2.0 22.00 55.00 77.00 NOTE
r-patched-linux-x86_64 0.2.0 2.73 25.93 28.66 NOTE
r-release-linux-x86_64 0.2.0 1.98 25.81 27.79 NOTE
r-release-macos-arm64 0.2.0 17.00 NOTE
r-release-macos-x86_64 0.2.0 27.00 NOTE
r-release-windows-x86_64 0.2.0 22.00 52.00 74.00 NOTE
r-oldrel-macos-arm64 0.2.0 20.00 NOTE
r-oldrel-macos-x86_64 0.2.0 29.00 NOTE
r-oldrel-windows-ix86+x86_64 0.2.0 6.00 47.00 53.00 NOTE

Check Details

Version: 0.2.0
Check: LazyData
Result: NOTE
     'LazyData' is specified without a 'data' directory
Flavors: r-devel-linux-x86_64-debian-clang, r-devel-linux-x86_64-debian-gcc, r-devel-linux-x86_64-fedora-clang, r-devel-linux-x86_64-fedora-gcc, r-devel-windows-x86_64, r-patched-linux-x86_64, r-release-linux-x86_64, r-release-macos-arm64, r-release-macos-x86_64, r-release-windows-x86_64, r-oldrel-macos-arm64, r-oldrel-macos-x86_64, r-oldrel-windows-ix86+x86_64