Last updated on 2024-08-31 11:49:42 CEST.
Flavor | Version | Tinstall | Tcheck | Ttotal | Status | Flags |
---|---|---|---|---|---|---|
r-devel-linux-x86_64-debian-clang | 0.6 | 2.75 | 20.96 | 23.71 | NOTE | |
r-devel-linux-x86_64-debian-gcc | 0.6 | 2.09 | 16.85 | 18.94 | NOTE | |
r-devel-linux-x86_64-fedora-clang | 0.6 | 37.08 | NOTE | |||
r-devel-linux-x86_64-fedora-gcc | 0.6 | 35.05 | NOTE | |||
r-devel-windows-x86_64 | 0.6 | 4.00 | 44.00 | 48.00 | NOTE | |
r-patched-linux-x86_64 | 0.6 | 3.15 | 19.77 | 22.92 | NOTE | |
r-release-linux-x86_64 | 0.6 | 2.63 | 20.39 | 23.02 | NOTE | |
r-release-macos-arm64 | 0.6 | 15.00 | NOTE | |||
r-release-macos-x86_64 | 0.6 | 22.00 | NOTE | |||
r-release-windows-x86_64 | 0.6 | 4.00 | 44.00 | 48.00 | NOTE | |
r-oldrel-macos-arm64 | 0.6 | 16.00 | NOTE | |||
r-oldrel-macos-x86_64 | 0.6 | 24.00 | NOTE | |||
r-oldrel-windows-x86_64 | 0.6 | 4.00 | 44.00 | 48.00 | NOTE |
Version: 0.6
Check: DESCRIPTION meta-information
Result: NOTE
Malformed Title field: should not end in a period.
Flavors: r-devel-linux-x86_64-debian-clang, r-devel-linux-x86_64-debian-gcc, r-devel-linux-x86_64-fedora-clang, r-devel-linux-x86_64-fedora-gcc, r-devel-windows-x86_64, r-patched-linux-x86_64, r-release-linux-x86_64, r-release-macos-arm64, r-release-macos-x86_64, r-release-windows-x86_64, r-oldrel-macos-arm64, r-oldrel-macos-x86_64, r-oldrel-windows-x86_64