Last updated on 2022-06-29 11:52:24 CEST.
Flavor | Version | Tinstall | Tcheck | Ttotal | Status | Flags |
---|---|---|---|---|---|---|
r-devel-linux-x86_64-debian-clang | 0.12 | 2.02 | 28.78 | 30.80 | NOTE | |
r-devel-linux-x86_64-debian-gcc | 0.12 | 2.08 | 23.14 | 25.22 | NOTE | |
r-devel-linux-x86_64-fedora-clang | 0.12 | 49.68 | NOTE | |||
r-devel-linux-x86_64-fedora-gcc | 0.12 | 49.13 | NOTE | |||
r-devel-windows-x86_64 | 0.12 | 16.00 | 58.00 | 74.00 | NOTE | |
r-patched-linux-x86_64 | 0.12 | 2.17 | 29.14 | 31.31 | NOTE | |
r-release-linux-x86_64 | 0.12 | 2.20 | 28.57 | 30.77 | NOTE | |
r-release-macos-arm64 | 0.12 | 18.00 | NOTE | |||
r-release-macos-x86_64 | 0.12 | 24.00 | NOTE | |||
r-release-windows-x86_64 | 0.12 | 18.00 | 63.00 | 81.00 | NOTE | |
r-oldrel-macos-arm64 | 0.12 | 26.00 | NOTE | |||
r-oldrel-macos-x86_64 | 0.12 | 34.00 | NOTE | |||
r-oldrel-windows-ix86+x86_64 | 0.12 | 6.00 | 61.00 | 67.00 | NOTE |
Version: 0.12
Check: Rd files
Result: NOTE
checkRd: (-1) ltriangle.Rd:63: Escaped LaTeX specials: \&
checkRd: (-1) triangle.Rd:70: Escaped LaTeX specials: \&
Flavors: r-devel-linux-x86_64-debian-clang, r-devel-linux-x86_64-debian-gcc, r-devel-linux-x86_64-fedora-clang, r-devel-linux-x86_64-fedora-gcc, r-devel-windows-x86_64
Version: 0.12
Check: LazyData
Result: NOTE
'LazyData' is specified without a 'data' directory
Flavors: r-devel-linux-x86_64-debian-clang, r-devel-linux-x86_64-debian-gcc, r-devel-linux-x86_64-fedora-clang, r-devel-linux-x86_64-fedora-gcc, r-devel-windows-x86_64, r-patched-linux-x86_64, r-release-linux-x86_64, r-release-macos-arm64, r-release-macos-x86_64, r-release-windows-x86_64, r-oldrel-macos-arm64, r-oldrel-macos-x86_64, r-oldrel-windows-ix86+x86_64