Last updated on 2025-05-13 10:51:32 CEST.
Flavor | Version | Tinstall | Tcheck | Ttotal | Status | Flags |
---|---|---|---|---|---|---|
r-devel-linux-x86_64-debian-clang | 0.1.6 | 837.60 | 459.53 | 1297.13 | OK | |
r-devel-linux-x86_64-debian-gcc | 0.1.6 | 791.49 | 410.90 | 1202.39 | OK | |
r-devel-linux-x86_64-fedora-clang | 0.1.6 | 2040.14 | OK | |||
r-devel-linux-x86_64-fedora-gcc | 0.1.6 | 2939.47 | OK | |||
r-devel-windows-x86_64 | 0.1.6 | 967.00 | 644.00 | 1611.00 | OK | |
r-patched-linux-x86_64 | 0.1.6 | 1041.68 | 535.71 | 1577.39 | OK | |
r-release-linux-x86_64 | 0.1.6 | 1014.96 | 538.91 | 1553.87 | OK | |
r-release-macos-arm64 | 0.1.6 | 791.00 | OK | |||
r-release-macos-x86_64 | 0.1.6 | 1128.00 | OK | |||
r-release-windows-x86_64 | 0.1.6 | 937.00 | 643.00 | 1580.00 | OK | |
r-oldrel-macos-arm64 | 0.1.6 | 329.00 | NOTE | |||
r-oldrel-macos-x86_64 | 0.1.6 | 425.00 | NOTE | |||
r-oldrel-windows-x86_64 | 0.1.6 | 1092.00 | 809.00 | 1901.00 | NOTE |
Version: 0.1.6
Check: installed package size
Result: NOTE
installed size is 135.3Mb
sub-directories of 1Mb or more:
doc 3.9Mb
libs 130.3Mb
Flavors: r-oldrel-macos-arm64, r-oldrel-macos-x86_64, r-oldrel-windows-x86_64
Version: 0.1.6
Check: for GNU extensions in Makefiles
Result: NOTE
GNU make is a SystemRequirements.
Flavors: r-oldrel-macos-arm64, r-oldrel-macos-x86_64, r-oldrel-windows-x86_64