Last updated on 2025-07-16 10:49:13 CEST.
Flavor | Version | Tinstall | Tcheck | Ttotal | Status | Flags |
---|---|---|---|---|---|---|
r-devel-linux-x86_64-debian-clang | 0.3.1 | 24.01 | 68.85 | 92.86 | NOTE | |
r-devel-linux-x86_64-debian-gcc | 0.3.1 | 18.68 | 47.05 | 65.73 | NOTE | |
r-devel-linux-x86_64-fedora-clang | 0.3.1 | 168.95 | NOTE | |||
r-devel-linux-x86_64-fedora-gcc | 0.3.1 | 158.79 | NOTE | |||
r-devel-windows-x86_64 | 0.3.1 | 31.00 | 96.00 | 127.00 | NOTE | |
r-patched-linux-x86_64 | 0.3.1 | 26.12 | 62.43 | 88.55 | NOTE | |
r-release-linux-x86_64 | 0.3.1 | 24.90 | 62.00 | 86.90 | NOTE | |
r-release-macos-arm64 | 0.3.1 | 40.00 | NOTE | |||
r-release-macos-x86_64 | 0.3.1 | 64.00 | NOTE | |||
r-release-windows-x86_64 | 0.3.1 | 34.00 | 103.00 | 137.00 | NOTE | |
r-oldrel-macos-arm64 | 0.3.1 | 42.00 | OK | |||
r-oldrel-macos-x86_64 | 0.3.1 | 58.00 | OK | |||
r-oldrel-windows-x86_64 | 0.3.1 | 36.00 | 118.00 | 154.00 | OK |
Version: 0.3.1
Check: DESCRIPTION meta-information
Result: NOTE
Missing dependency on R >= 4.1.0 because package code uses the pipe
|> or function shorthand \(...) syntax added in R 4.1.0.
File(s) using such syntax:
‘ranger_surv.unify.Rd’
Flavors: r-devel-linux-x86_64-debian-clang, r-devel-linux-x86_64-debian-gcc, r-devel-linux-x86_64-fedora-clang, r-devel-linux-x86_64-fedora-gcc, r-devel-windows-x86_64, r-patched-linux-x86_64, r-release-linux-x86_64, r-release-macos-arm64, r-release-macos-x86_64, r-release-windows-x86_64