CRAN Package Check Results for Package treenomial

Last updated on 2024-02-22 12:48:41 CET.

Flavor Version Tinstall Tcheck Ttotal Status Flags
r-devel-linux-x86_64-debian-clang 1.1.4 NOTE
r-devel-linux-x86_64-debian-gcc 1.1.4 82.58 34.20 116.78 NOTE
r-devel-linux-x86_64-fedora-clang 1.1.4 235.43 NOTE
r-devel-linux-x86_64-fedora-gcc 1.1.4 224.44 NOTE
r-devel-windows-x86_64 1.1.4 76.00 81.00 157.00 NOTE
r-patched-linux-x86_64 1.1.4 109.01 43.04 152.05 NOTE
r-release-linux-x86_64 1.1.4 90.13 43.45 133.58 NOTE
r-release-macos-arm64 1.1.4 63.00 NOTE
r-release-macos-x86_64 1.1.4 96.00 NOTE
r-release-windows-x86_64 1.1.4 98.00 92.00 190.00 NOTE
r-oldrel-macos-arm64 1.1.4 54.00 NOTE
r-oldrel-windows-x86_64 1.1.4 97.00 86.00 183.00 OK

Check Details

Version: 1.1.4
Check: C++ specification
Result: NOTE Specified C++11: please drop specification unless essential Flavors: r-devel-linux-x86_64-debian-clang, r-devel-linux-x86_64-debian-gcc, r-devel-linux-x86_64-fedora-clang, r-devel-linux-x86_64-fedora-gcc, r-devel-windows-x86_64, r-patched-linux-x86_64, r-release-linux-x86_64, r-release-macos-arm64, r-release-macos-x86_64, r-release-windows-x86_64

Version: 1.1.4
Check: installed package size
Result: NOTE installed size is 11.4Mb sub-directories of 1Mb or more: libs 11.2Mb Flavors: r-release-macos-arm64, r-release-macos-x86_64, r-oldrel-macos-arm64