Last updated on 2025-04-29 12:52:53 CEST.
Flavor | Version | Tinstall | Tcheck | Ttotal | Status | Flags |
---|---|---|---|---|---|---|
r-devel-linux-x86_64-debian-clang | 0.2 | 2.73 | 28.89 | 31.62 | NOTE | |
r-devel-linux-x86_64-debian-gcc | 0.2 | 2.08 | 26.57 | 28.65 | NOTE | |
r-devel-linux-x86_64-fedora-clang | 0.2 | 53.06 | NOTE | |||
r-devel-linux-x86_64-fedora-gcc | 0.2 | 55.72 | NOTE | |||
r-devel-windows-x86_64 | 0.2 | 7.00 | 49.00 | 56.00 | OK | |
r-patched-linux-x86_64 | 0.2 | 2.76 | 33.02 | 35.78 | OK | |
r-release-linux-x86_64 | 0.2 | 2.45 | 33.16 | 35.61 | OK | |
r-release-macos-arm64 | 0.2 | 23.00 | OK | |||
r-release-macos-x86_64 | 0.2 | 36.00 | OK | |||
r-release-windows-x86_64 | 0.2 | 7.00 | 53.00 | 60.00 | OK | |
r-oldrel-macos-arm64 | 0.2 | 26.00 | OK | |||
r-oldrel-macos-x86_64 | 0.2 | 38.00 | OK | |||
r-oldrel-windows-x86_64 | 0.2 | 9.00 | 50.00 | 59.00 | OK |
Version: 0.2
Check: examples
Result: NOTE
Examples with CPU (user + system) or elapsed time > 5s
user system elapsed
trc_cor_test 6.501 0.067 7.664
null_perm 4.367 0.117 5.548
Flavor: r-devel-linux-x86_64-debian-clang
Version: 0.2
Check: examples
Result: NOTE
Examples with CPU (user + system) or elapsed time > 5s
user system elapsed
trc_cor_test 7.065 0.01 7.774
null_perm 4.623 0.00 5.626
Flavor: r-devel-linux-x86_64-debian-gcc
Version: 0.2
Check: compiled code
Result: NOTE
File ‘trc/libs/trc.so’:
Found no calls to: ‘R_registerRoutines’, ‘R_useDynamicSymbols’
It is good practice to register native routines and to disable symbol
search.
See ‘Writing portable packages’ in the ‘Writing R Extensions’ manual.
Flavors: r-devel-linux-x86_64-fedora-clang, r-devel-linux-x86_64-fedora-gcc