Last updated on 2023-06-06 13:59:57 CEST.
Flavor | Version | Tinstall | Tcheck | Ttotal | Status | Flags |
---|---|---|---|---|---|---|
r-devel-linux-x86_64-debian-clang | 0.2.2 | 3.76 | 109.15 | 112.91 | NOTE | |
r-devel-linux-x86_64-debian-gcc | 0.2.2 | 3.49 | 82.60 | 86.09 | NOTE | |
r-devel-linux-x86_64-fedora-clang | 0.2.2 | 142.74 | NOTE | |||
r-devel-linux-x86_64-fedora-gcc | 0.2.2 | 155.13 | NOTE | |||
r-devel-windows-x86_64 | 0.2.2 | 6.00 | 184.00 | 190.00 | NOTE | |
r-patched-linux-x86_64 | 0.2.2 | 4.72 | 111.72 | 116.44 | NOTE | |
r-release-linux-x86_64 | 0.2.2 | 3.81 | 111.16 | 114.97 | NOTE | |
r-release-macos-arm64 | 0.2.2 | 69.00 | NOTE | |||
r-release-macos-x86_64 | 0.2.2 | 101.00 | NOTE | |||
r-release-windows-x86_64 | 0.2.2 | 7.00 | 174.00 | 181.00 | NOTE | |
r-oldrel-macos-arm64 | 0.2.2 | 55.00 | NOTE | |||
r-oldrel-macos-x86_64 | 0.2.2 | 105.00 | NOTE | |||
r-oldrel-windows-x86_64 | 0.2.2 | 7.00 | 170.00 | 177.00 | NOTE |
Version: 0.2.2
Check: LazyData
Result: NOTE
'LazyData' is specified without a 'data' directory
Flavors: r-devel-linux-x86_64-debian-clang, r-devel-linux-x86_64-debian-gcc, r-devel-linux-x86_64-fedora-clang, r-devel-linux-x86_64-fedora-gcc, r-devel-windows-x86_64, r-patched-linux-x86_64, r-release-linux-x86_64, r-release-macos-arm64, r-release-macos-x86_64, r-release-windows-x86_64, r-oldrel-macos-arm64, r-oldrel-macos-x86_64, r-oldrel-windows-x86_64