Last updated on 2022-07-03 11:53:52 CEST.
Flavor | Version | Tinstall | Tcheck | Ttotal | Status | Flags |
---|---|---|---|---|---|---|
r-devel-linux-x86_64-debian-clang | 0.1.3 | 33.52 | 66.03 | 99.55 | NOTE | |
r-devel-linux-x86_64-debian-gcc | 0.1.3 | 29.91 | 49.46 | 79.37 | NOTE | |
r-devel-linux-x86_64-fedora-clang | 0.1.3 | 150.38 | NOTE | |||
r-devel-linux-x86_64-fedora-gcc | 0.1.3 | 137.35 | NOTE | |||
r-devel-windows-x86_64 | 0.1.3 | 44.00 | 114.00 | 158.00 | NOTE | |
r-patched-linux-x86_64 | 0.1.3 | 33.83 | 62.10 | 95.93 | NOTE | |
r-release-linux-x86_64 | 0.1.3 | 35.35 | 62.38 | 97.73 | NOTE | |
r-release-macos-arm64 | 0.1.3 | 33.00 | NOTE | |||
r-release-macos-x86_64 | 0.1.3 | 50.00 | NOTE | |||
r-release-windows-x86_64 | 0.1.3 | 44.00 | 112.00 | 156.00 | NOTE | |
r-oldrel-macos-arm64 | 0.1.3 | 44.00 | NOTE | |||
r-oldrel-macos-x86_64 | 0.1.3 | 71.00 | NOTE | |||
r-oldrel-windows-ix86+x86_64 | 0.1.3 | 100.00 | 124.00 | 224.00 | NOTE |
Version: 0.1.3
Check: LazyData
Result: NOTE
'LazyData' is specified without a 'data' directory
Flavors: r-devel-linux-x86_64-debian-clang, r-devel-linux-x86_64-debian-gcc, r-devel-linux-x86_64-fedora-clang, r-devel-linux-x86_64-fedora-gcc, r-devel-windows-x86_64, r-patched-linux-x86_64, r-release-linux-x86_64, r-release-macos-arm64, r-release-macos-x86_64, r-release-windows-x86_64, r-oldrel-macos-arm64, r-oldrel-macos-x86_64, r-oldrel-windows-ix86+x86_64