Last updated on 2024-04-23 10:54:20 CEST.
Flavor | Version | Tinstall | Tcheck | Ttotal | Status | Flags |
---|---|---|---|---|---|---|
r-devel-linux-x86_64-debian-clang | 0.1.5 | 18.51 | 56.86 | 75.37 | OK | |
r-devel-linux-x86_64-debian-gcc | 0.1.5 | 16.90 | 43.11 | 60.01 | NOTE | |
r-devel-linux-x86_64-fedora-clang | 0.1.5 | 103.34 | OK | |||
r-devel-linux-x86_64-fedora-gcc | 0.1.5 | 97.98 | NOTE | |||
r-prerel-macos-arm64 | 0.1.5 | 28.00 | OK | |||
r-prerel-macos-x86_64 | 0.1.5 | 75.00 | OK | |||
r-prerel-windows-x86_64 | 0.1.5 | 18.00 | 66.00 | 84.00 | OK | |
r-patched-linux-x86_64 | 0.1.5 | 20.23 | 54.35 | 74.58 | OK | |
r-release-linux-x86_64 | 0.1.5 | 21.33 | 53.78 | 75.11 | OK | |
r-release-macos-arm64 | 0.1.5 | 41.00 | OK | |||
r-release-macos-x86_64 | 0.1.5 | 64.00 | OK | |||
r-release-windows-x86_64 | 0.1.5 | 24.00 | 75.00 | 99.00 | OK | |
r-oldrel-macos-arm64 | 0.1.5 | 39.00 | OK | |||
r-oldrel-windows-x86_64 | 0.1.5 | 21.00 | 76.00 | 97.00 | OK |
Version: 0.1.5
Check: compiled code
Result: NOTE
File ‘transformr/libs/transformr.so’:
Found non-API calls to R: ‘SETLENGTH’, ‘SET_TRUELENGTH’
Compiled code should not call non-API entry points in R.
See ‘Writing portable packages’ in the ‘Writing R Extensions’ manual.
Flavors: r-devel-linux-x86_64-debian-gcc, r-devel-linux-x86_64-fedora-gcc