Last updated on 2024-04-23 10:54:20 CEST.
Flavor | Version | Tinstall | Tcheck | Ttotal | Status | Flags |
---|---|---|---|---|---|---|
r-devel-linux-x86_64-debian-clang | 0.1.4 | 10.40 | 117.24 | 127.64 | OK | |
r-devel-linux-x86_64-debian-gcc | 0.1.4 | 9.07 | 85.95 | 95.02 | OK | |
r-devel-linux-x86_64-fedora-clang | 0.1.4 | 159.79 | NOTE | |||
r-devel-linux-x86_64-fedora-gcc | 0.1.4 | 170.47 | NOTE | |||
r-prerel-macos-arm64 | 0.1.4 | 54.00 | OK | |||
r-prerel-windows-x86_64 | 0.1.4 | 11.00 | 107.00 | 118.00 | OK | |
r-patched-linux-x86_64 | 0.1.4 | 9.55 | 111.68 | 121.23 | OK | |
r-release-linux-x86_64 | 0.1.4 | 11.30 | 112.35 | 123.65 | OK | |
r-release-macos-arm64 | 0.1.4 | 57.00 | OK | |||
r-release-macos-x86_64 | 0.1.4 | 114.00 | OK | |||
r-release-windows-x86_64 | 0.1.4 | 14.00 | 129.00 | 143.00 | OK | |
r-oldrel-macos-arm64 | 0.1.4 | 52.00 | OK | |||
r-oldrel-windows-x86_64 | 0.1.4 | 15.00 | 130.00 | 145.00 | OK |
Version: 0.1.4
Check: data for non-ASCII characters
Result: NOTE
Note: found 827 marked UTF-8 strings
Flavors: r-devel-linux-x86_64-fedora-clang, r-devel-linux-x86_64-fedora-gcc