CRAN Package Check Results for Package toweranNA

Last updated on 2023-09-25 12:01:54 CEST.

Flavor Version Tinstall Tcheck Ttotal Status Flags
r-devel-linux-x86_64-debian-clang 0.1.0 14.57 119.60 134.17 OK
r-devel-linux-x86_64-debian-gcc 0.1.0 11.27 89.29 100.56 OK
r-devel-linux-x86_64-fedora-clang 0.1.0 164.35 NOTE
r-devel-linux-x86_64-fedora-gcc 0.1.0 158.18 OK
r-devel-windows-x86_64 0.1.0 13.00 97.00 110.00 OK
r-patched-linux-x86_64 0.1.0 12.80 113.14 125.94 OK
r-release-linux-x86_64 0.1.0 9.40 113.45 122.85 OK
r-release-macos-arm64 0.1.0 49.00 OK
r-release-macos-x86_64 0.1.0 78.00 OK
r-release-windows-x86_64 0.1.0 16.00 120.00 136.00 OK
r-oldrel-macos-arm64 0.1.0 41.00 OK
r-oldrel-macos-x86_64 0.1.0 62.00 OK
r-oldrel-windows-x86_64 0.1.0 17.00 118.00 135.00 OK

Check Details

Version: 0.1.0
Check: whether startup messages can be suppressed
Result: NOTE
    OMP: Warning #96: Cannot form a team with 24 threads, using 2 instead.
    OMP: Hint Consider unsetting KMP_DEVICE_THREAD_LIMIT (KMP_ALL_THREADS), KMP_TEAMS_THREAD_LIMIT, and OMP_THREAD_LIMIT (if any are set).
    
    It looks like this package (or a package it requires) has a startup
    message which cannot be suppressed: see ?packageStartupMessage.
Flavor: r-devel-linux-x86_64-fedora-clang