CRAN Package Check Results for Package toweranNA

Last updated on 2024-07-12 10:55:14 CEST.

Flavor Version Tinstall Tcheck Ttotal Status Flags
r-devel-linux-x86_64-debian-clang 0.1.0 12.44 112.67 125.11 OK
r-devel-linux-x86_64-debian-gcc 0.1.0 9.99 84.51 94.50 OK
r-devel-linux-x86_64-fedora-clang 0.1.0 164.22 NOTE
r-devel-linux-x86_64-fedora-gcc 0.1.0 147.83 OK
r-devel-windows-x86_64 0.1.0 12.00 92.00 104.00 OK
r-patched-linux-x86_64 0.1.0 10.96 108.25 119.21 OK
r-release-linux-x86_64 0.1.0 8.22 107.56 115.78 OK
r-release-macos-arm64 0.1.0 44.00 OK
r-release-macos-x86_64 0.1.0 63.00 OK
r-release-windows-x86_64 0.1.0 12.00 95.00 107.00 OK
r-oldrel-macos-arm64 0.1.0 49.00 OK
r-oldrel-macos-x86_64 0.1.0 78.00 OK
r-oldrel-windows-x86_64 0.1.0 16.00 115.00 131.00 OK

Check Details

Version: 0.1.0
Check: whether startup messages can be suppressed
Result: NOTE OMP: Warning #96: Cannot form a team with 24 threads, using 2 instead. OMP: Hint Consider unsetting KMP_DEVICE_THREAD_LIMIT (KMP_ALL_THREADS), KMP_TEAMS_THREAD_LIMIT, and OMP_THREAD_LIMIT (if any are set). It looks like this package (or a package it requires) has a startup message which cannot be suppressed: see ?packageStartupMessage. Flavor: r-devel-linux-x86_64-fedora-clang