CRAN Package Check Results for Package tourr

Last updated on 2022-07-01 11:52:13 CEST.

Flavor Version Tinstall Tcheck Ttotal Status Flags
r-devel-linux-x86_64-debian-clang 0.6.0 4.83 89.04 93.87 OK
r-devel-linux-x86_64-debian-gcc 0.6.0 4.02 66.38 70.40 OK
r-devel-linux-x86_64-fedora-clang 0.6.0 120.71 NOTE
r-devel-linux-x86_64-fedora-gcc 0.6.0 118.51 NOTE
r-devel-windows-x86_64 0.6.0 49.00 147.00 196.00 OK
r-patched-linux-x86_64 0.6.0 5.99 82.04 88.03 OK
r-release-linux-x86_64 0.6.0 6.05 83.28 89.33 OK
r-release-macos-arm64 0.6.0 48.00 NOTE
r-release-macos-x86_64 0.6.0 77.00 NOTE
r-release-windows-x86_64 0.6.0 73.00 137.00 210.00 OK
r-oldrel-macos-arm64 0.6.0 56.00 NOTE
r-oldrel-macos-x86_64 0.6.0 81.00 NOTE
r-oldrel-windows-ix86+x86_64 0.6.0 13.00 132.00 145.00 OK

Check Details

Version: 0.6.0
Check: dependencies in R code
Result: NOTE
    Namespace in Imports field not imported from: ‘tibble’
     All declared Imports should be used.
Flavors: r-devel-linux-x86_64-fedora-clang, r-devel-linux-x86_64-fedora-gcc, r-release-macos-arm64, r-release-macos-x86_64, r-oldrel-macos-arm64, r-oldrel-macos-x86_64