Last updated on 2024-04-23 10:54:20 CEST.
Flavor | Version | Tinstall | Tcheck | Ttotal | Status | Flags |
---|---|---|---|---|---|---|
r-devel-linux-x86_64-debian-clang | 1.1.0 | 5.88 | 89.53 | 95.41 | NOTE | |
r-devel-linux-x86_64-debian-gcc | 1.2.0 | 4.62 | 68.37 | 72.99 | OK | |
r-devel-linux-x86_64-fedora-clang | 1.2.0 | 113.50 | NOTE | |||
r-devel-linux-x86_64-fedora-gcc | 1.2.0 | 131.71 | OK | |||
r-prerel-macos-arm64 | 1.2.0 | 71.00 | OK | |||
r-prerel-macos-x86_64 | 1.2.0 | 157.00 | OK | |||
r-prerel-windows-x86_64 | 1.2.0 | 9.00 | 121.00 | 130.00 | OK | |
r-patched-linux-x86_64 | 1.1.0 | 8.52 | 85.91 | 94.43 | NOTE | |
r-release-linux-x86_64 | 1.2.0 | 6.53 | 86.70 | 93.23 | OK | |
r-release-macos-arm64 | 1.2.0 | 64.00 | OK | |||
r-release-macos-x86_64 | 1.2.0 | 111.00 | OK | |||
r-release-windows-x86_64 | 1.2.0 | 10.00 | 120.00 | 130.00 | OK | |
r-oldrel-macos-arm64 | 1.2.0 | 68.00 | OK | |||
r-oldrel-windows-x86_64 | 1.1.0 | 11.00 | 113.00 | 124.00 | OK |
Version: 1.1.0
Check: Rd files
Result: NOTE
checkRd: (-1) norm_bin.Rd:18: Lost braces in \itemize; meant \describe ?
checkRd: (-1) norm_bin.Rd:19: Lost braces in \itemize; meant \describe ?
Flavors: r-devel-linux-x86_64-debian-clang, r-patched-linux-x86_64
Version: 1.2.0
Check: Rd cross-references
Result: NOTE
Undeclared package ‘TeachingDemos’ in Rd xrefs
Flavor: r-devel-linux-x86_64-fedora-clang