Last updated on 2024-04-26 12:54:54 CEST.
Flavor | Version | Tinstall | Tcheck | Ttotal | Status | Flags |
---|---|---|---|---|---|---|
r-devel-linux-x86_64-debian-clang | 0.1.4 | 4.93 | 59.78 | 64.71 | OK | |
r-devel-linux-x86_64-debian-gcc | 0.1.4 | 3.91 | 45.41 | 49.32 | OK | |
r-devel-linux-x86_64-fedora-clang | 0.1.4 | 85.87 | NOTE | |||
r-devel-linux-x86_64-fedora-gcc | 0.1.4 | 92.37 | NOTE | |||
r-devel-windows-x86_64 | 0.1.4 | 7.00 | 64.00 | 71.00 | OK | |
r-patched-linux-x86_64 | 0.1.4 | 3.59 | 58.51 | 62.10 | OK | |
r-release-linux-x86_64 | 0.1.4 | 3.46 | 56.33 | 59.79 | OK | |
r-release-macos-arm64 | 0.1.4 | 33.00 | OK | |||
r-release-windows-x86_64 | 0.1.4 | 6.00 | 65.00 | 71.00 | OK | |
r-oldrel-macos-arm64 | 0.1.4 | 34.00 | OK | |||
r-oldrel-macos-x86_64 | 0.1.4 | 54.00 | OK | |||
r-oldrel-windows-x86_64 | 0.1.4 | 8.00 | 72.00 | 80.00 | OK |
Version: 0.1.4
Check: data for non-ASCII characters
Result: NOTE
Note: found 4490 marked UTF-8 strings
Flavors: r-devel-linux-x86_64-fedora-clang, r-devel-linux-x86_64-fedora-gcc