Last updated on 2023-02-02 11:54:19 CET.
Flavor | Version | Tinstall | Tcheck | Ttotal | Status | Flags |
---|---|---|---|---|---|---|
r-devel-linux-x86_64-debian-clang | 0.3.0 | 45.10 | 42.30 | 87.40 | NOTE | |
r-devel-linux-x86_64-debian-gcc | 0.3.0 | 28.12 | 32.78 | 60.90 | NOTE | |
r-devel-linux-x86_64-fedora-clang | 0.3.0 | 116.20 | NOTE | |||
r-devel-linux-x86_64-fedora-gcc | 0.3.0 | 100.65 | NOTE | |||
r-patched-linux-x86_64 | 0.3.0 | 34.58 | 41.67 | 76.25 | OK | |
r-release-linux-x86_64 | 0.3.0 | 33.94 | 42.54 | 76.48 | OK | |
r-release-macos-arm64 | 0.3.0 | 40.00 | OK | |||
r-release-macos-x86_64 | 0.3.0 | 45.00 | OK | |||
r-release-windows-x86_64 | 0.3.0 | 64.00 | 101.00 | 165.00 | OK | |
r-oldrel-macos-arm64 | 0.3.0 | 38.00 | OK | |||
r-oldrel-macos-x86_64 | 0.3.0 | 46.00 | OK | |||
r-oldrel-windows-ix86+x86_64 | 0.3.0 | 109.00 | 104.00 | 213.00 | OK |
Version: 0.3.0
Check: C++ specification
Result: NOTE
Specified C++11: please update to current default of C++17
Flavors: r-devel-linux-x86_64-debian-clang, r-devel-linux-x86_64-debian-gcc, r-devel-linux-x86_64-fedora-clang, r-devel-linux-x86_64-fedora-gcc