CRAN Package Check Results for Package torch

Last updated on 2022-11-30 10:51:52 CET.

Flavor Version Tinstall Tcheck Ttotal Status Flags
r-devel-linux-x86_64-debian-clang 0.9.0 933.69 298.89 1232.58 OK
r-devel-linux-x86_64-debian-gcc 0.9.0 856.96 222.21 1079.17 OK
r-devel-linux-x86_64-fedora-clang 0.9.0 1592.33 NOTE
r-devel-linux-x86_64-fedora-gcc 0.9.0 1886.14 OK
r-devel-windows-x86_64 0.9.0 1288.00 681.00 1969.00 NOTE
r-patched-linux-x86_64 0.9.0 885.70 254.76 1140.46 OK
r-release-linux-x86_64 0.9.0 860.22 246.18 1106.40 OK
r-release-macos-arm64 0.9.0 401.00 NOTE
r-release-macos-x86_64 0.9.0 540.00 NOTE
r-release-windows-x86_64 0.9.0 1141.00 565.00 1706.00 NOTE
r-oldrel-macos-arm64 0.9.0 397.00 NOTE
r-oldrel-macos-x86_64 0.9.0 543.00 NOTE
r-oldrel-windows-ix86+x86_64 0.9.0 1998.00 552.00 2550.00 NOTE

Additional issues

M1mac

Check Details

Version: 0.9.0
Check: installed package size
Result: NOTE
     installed size is 33.0Mb
     sub-directories of 1Mb or more:
     R 5.2Mb
     help 1.6Mb
     include 1.5Mb
     libs 24.1Mb
Flavors: r-devel-linux-x86_64-fedora-clang, r-devel-windows-x86_64, r-release-macos-arm64, r-release-macos-x86_64, r-release-windows-x86_64, r-oldrel-macos-arm64, r-oldrel-macos-x86_64, r-oldrel-windows-ix86+x86_64

Version: 0.9.0
Check: package dependencies
Result: NOTE
    Package suggested but not available for checking: ‘katex’
Flavor: r-release-macos-x86_64