Last updated on 2025-05-12 13:50:31 CEST.
Flavor | Version | Tinstall | Tcheck | Ttotal | Status | Flags |
---|---|---|---|---|---|---|
r-devel-linux-x86_64-debian-clang | 1.0.0 | 10.54 | 91.60 | 102.14 | NOTE | |
r-devel-linux-x86_64-debian-gcc | 1.0.0 | 7.88 | 63.63 | 71.51 | NOTE | |
r-devel-linux-x86_64-fedora-clang | 1.0.0 | 159.36 | OK | |||
r-devel-linux-x86_64-fedora-gcc | 1.0.0 | 151.12 | OK | |||
r-devel-windows-x86_64 | 1.0.0 | 13.00 | 96.00 | 109.00 | OK | |
r-patched-linux-x86_64 | 1.0.0 | 9.19 | 85.45 | 94.64 | OK | |
r-release-linux-x86_64 | 1.0.0 | 9.42 | 85.08 | 94.50 | OK | |
r-release-macos-arm64 | 1.0.0 | 41.00 | OK | |||
r-release-macos-x86_64 | 1.0.0 | 78.00 | OK | |||
r-release-windows-x86_64 | 1.0.0 | 11.00 | 98.00 | 109.00 | OK | |
r-oldrel-macos-arm64 | 1.0.0 | 42.00 | OK | |||
r-oldrel-macos-x86_64 | 1.0.0 | 65.00 | OK | |||
r-oldrel-windows-x86_64 | 1.0.0 | 15.00 | 118.00 | 133.00 | OK |
Version: 1.0.0
Check: CRAN incoming feasibility
Result: NOTE
Maintainer: ‘Mouloud Belbahri <mouloud.belbahri@gmail.com>’
No Authors@R field in DESCRIPTION.
Please add one, modifying
Authors@R: c(person(given = "Mouloud",
family = "Belbahri",
role = c("aut", "cre"),
email = "mouloud.belbahri@gmail.com"),
person(given = "Olivier",
family = "Gandouet",
role = "aut"),
person(given = "Alejandro",
family = "Murua",
role = "aut"),
person(given = c("Vahid", "Partovi"),
family = "Nia",
role = "aut"))
as necessary.
Flavors: r-devel-linux-x86_64-debian-clang, r-devel-linux-x86_64-debian-gcc