CRAN Package Check Results for Package toolbox

Last updated on 2025-02-02 10:48:36 CET.

Flavor Version Tinstall Tcheck Ttotal Status Flags
r-devel-linux-x86_64-debian-clang 0.1.1 1.80 17.23 19.03 NOTE
r-devel-linux-x86_64-debian-gcc 0.1.1 1.41 14.03 15.44 NOTE
r-devel-linux-x86_64-fedora-clang 0.1.1 31.88 NOTE
r-devel-linux-x86_64-fedora-gcc 0.1.1 28.70 NOTE
r-devel-windows-x86_64 0.1.1 3.00 43.00 46.00 NOTE
r-patched-linux-x86_64 0.1.1 2.02 16.72 18.74 NOTE
r-release-linux-x86_64 0.1.1 1.79 16.75 18.54 NOTE
r-release-macos-arm64 0.1.1 17.00 NOTE
r-release-macos-x86_64 0.1.1 24.00 NOTE
r-release-windows-x86_64 0.1.1 3.00 40.00 43.00 NOTE
r-oldrel-macos-arm64 0.1.1 17.00 OK
r-oldrel-macos-x86_64 0.1.1 19.00 OK
r-oldrel-windows-x86_64 0.1.1 5.00 42.00 47.00 OK

Check Details

Version: 0.1.1
Check: Rd files
Result: NOTE checkRd: (-1) jsonStr.Rd:5: Lost braces; missing escapes or markup? 5 | \title{Format data as a JSON object (like this: {"x": "120"}).} | ^ checkRd: (-1) jsonStr.Rd:18: Lost braces; missing escapes or markup? 18 | Format data as a JSON object (like this: {"x": "120"}). | ^ Flavors: r-devel-linux-x86_64-debian-clang, r-devel-linux-x86_64-debian-gcc, r-devel-linux-x86_64-fedora-clang, r-devel-linux-x86_64-fedora-gcc, r-devel-windows-x86_64, r-patched-linux-x86_64, r-release-linux-x86_64, r-release-macos-arm64, r-release-macos-x86_64, r-release-windows-x86_64