Last updated on 2022-07-01 11:52:13 CEST.
Flavor | Version | Tinstall | Tcheck | Ttotal | Status | Flags |
---|---|---|---|---|---|---|
r-devel-linux-x86_64-debian-clang | 0.3.5 | 11.15 | 198.36 | 209.51 | OK | |
r-devel-linux-x86_64-debian-gcc | 0.3.5 | 9.21 | 145.60 | 154.81 | OK | |
r-devel-linux-x86_64-fedora-clang | 0.3.5 | 227.82 | NOTE | |||
r-devel-linux-x86_64-fedora-gcc | 0.3.5 | 225.41 | NOTE | |||
r-devel-windows-x86_64 | 0.3.5 | 53.00 | 221.00 | 274.00 | OK | |
r-patched-linux-x86_64 | 0.3.5 | 9.12 | 186.49 | 195.61 | OK | |
r-release-linux-x86_64 | 0.3.5 | 7.23 | 186.18 | 193.41 | OK | |
r-release-macos-arm64 | 0.3.5 | 69.00 | NOTE | |||
r-release-macos-x86_64 | 0.3.5 | 94.00 | NOTE | |||
r-release-windows-x86_64 | 0.3.5 | 51.00 | 215.00 | 266.00 | OK | |
r-oldrel-macos-arm64 | 0.3.5 | 72.00 | NOTE | |||
r-oldrel-macos-x86_64 | 0.3.5 | 99.00 | NOTE | |||
r-oldrel-windows-ix86+x86_64 | 0.3.5 | 22.00 | 244.00 | 266.00 | OK |
Version: 0.3.5
Check: data for non-ASCII characters
Result: NOTE
Note: found 160 marked UTF-8 strings
Flavors: r-devel-linux-x86_64-fedora-clang, r-devel-linux-x86_64-fedora-gcc, r-release-macos-arm64, r-release-macos-x86_64, r-oldrel-macos-arm64, r-oldrel-macos-x86_64