CRAN Package Check Results for Package tmt

Last updated on 2024-02-26 12:54:39 CET.

Flavor Version Tinstall Tcheck Ttotal Status Flags
r-devel-linux-x86_64-debian-clang 0.3.1-2 39.81 118.17 157.98 OK
r-devel-linux-x86_64-debian-gcc 0.3.1-2 34.39 89.31 123.70 ERROR
r-devel-linux-x86_64-fedora-clang 0.3.1-2 220.76 ERROR
r-devel-linux-x86_64-fedora-gcc 0.3.1-2 229.91 ERROR
r-devel-windows-x86_64 0.3.1-2 34.00 131.00 165.00 OK
r-patched-linux-x86_64 0.3.1-2 38.62 113.76 152.38 OK
r-release-linux-x86_64 0.3.1-2 42.60 115.67 158.27 ERROR
r-release-macos-arm64 0.3.1-2 67.00 OK
r-release-macos-x86_64 0.3.1-2 113.00 OK
r-release-windows-x86_64 0.3.1-2 43.00 151.00 194.00 ERROR
r-oldrel-macos-arm64 0.3.1-2 60.00 OK
r-oldrel-windows-x86_64 0.3.1-2 40.00 149.00 189.00 ERROR

Check Details

Version: 0.3.1-2
Check: tests
Result: ERROR Running ‘testthat.R’ [27s/50s] Running the tests in ‘tests/testthat.R’ failed. Complete output: > library(testthat) > library(tmt) - tmt 0.3.1-2 (2022-05-16) > > test_check("tmt") The following items are specified in the dataset, but not in the submitted mstdesign: ii1 The following items are specified in the mstdesign, but not in the dataset: i1 The following items are specified in the dataset, but not in the submitted mstdesign: i1 The following items are specified in the mstdesign, but not in the dataset: ii1 The following items are specified in the dataset, but not in the submitted mstdesign: ii1 The following items are specified in the mstdesign, but not in the dataset: i1 [ FAIL 1 | WARN 2 | SKIP 0 | PASS 346 ] ══ Failed tests ════════════════════════════════════════════════════════════════ ── Failure ('test-tmt_gmc.R:34:5'): tmt_gmc data structure ───────────────────── `x` not equal to `expected`. 1/1 mismatches [1] 11 - 9 == 2 Backtrace: ▆ 1. └─testthat::expect_that(length(p), equals(9)) at test-tmt_gmc.R:34:5 2. └─testthat (local) condition(object) 3. └─testthat::expect_equal(x, expected, ..., expected.label = label) [ FAIL 1 | WARN 2 | SKIP 0 | PASS 346 ] Error: Test failures Execution halted Flavor: r-devel-linux-x86_64-debian-gcc

Version: 0.3.1-2
Check: tests
Result: ERROR Running ‘testthat.R’ [46s/96s] Running the tests in ‘tests/testthat.R’ failed. Complete output: > library(testthat) > library(tmt) - tmt 0.3.1-2 (2022-05-16) > > test_check("tmt") The following items are specified in the dataset, but not in the submitted mstdesign: ii1 The following items are specified in the mstdesign, but not in the dataset: i1 The following items are specified in the dataset, but not in the submitted mstdesign: i1 The following items are specified in the mstdesign, but not in the dataset: ii1 The following items are specified in the dataset, but not in the submitted mstdesign: ii1 The following items are specified in the mstdesign, but not in the dataset: i1 [ FAIL 1 | WARN 2 | SKIP 0 | PASS 346 ] ══ Failed tests ════════════════════════════════════════════════════════════════ ── Failure ('test-tmt_gmc.R:34:5'): tmt_gmc data structure ───────────────────── `x` not equal to `expected`. 1/1 mismatches [1] 11 - 9 == 2 Backtrace: ▆ 1. └─testthat::expect_that(length(p), equals(9)) at test-tmt_gmc.R:34:5 2. └─testthat (local) condition(object) 3. └─testthat::expect_equal(x, expected, ..., expected.label = label) [ FAIL 1 | WARN 2 | SKIP 0 | PASS 346 ] Error: Test failures Execution halted Flavor: r-devel-linux-x86_64-fedora-clang

Version: 0.3.1-2
Check: tests
Result: ERROR Running ‘testthat.R’ [46s/155s] Running the tests in ‘tests/testthat.R’ failed. Complete output: > library(testthat) > library(tmt) - tmt 0.3.1-2 (2022-05-16) > > test_check("tmt") The following items are specified in the dataset, but not in the submitted mstdesign: ii1 The following items are specified in the mstdesign, but not in the dataset: i1 The following items are specified in the dataset, but not in the submitted mstdesign: i1 The following items are specified in the mstdesign, but not in the dataset: ii1 The following items are specified in the dataset, but not in the submitted mstdesign: ii1 The following items are specified in the mstdesign, but not in the dataset: i1 [ FAIL 1 | WARN 2 | SKIP 0 | PASS 346 ] ══ Failed tests ════════════════════════════════════════════════════════════════ ── Failure ('test-tmt_gmc.R:34:5'): tmt_gmc data structure ───────────────────── `x` not equal to `expected`. 1/1 mismatches [1] 11 - 9 == 2 Backtrace: ▆ 1. └─testthat::expect_that(length(p), equals(9)) at test-tmt_gmc.R:34:5 2. └─testthat (local) condition(object) 3. └─testthat::expect_equal(x, expected, ..., expected.label = label) [ FAIL 1 | WARN 2 | SKIP 0 | PASS 346 ] Error: Test failures Execution halted Flavor: r-devel-linux-x86_64-fedora-gcc

Version: 0.3.1-2
Check: tests
Result: ERROR Running ‘testthat.R’ [35s/47s] Running the tests in ‘tests/testthat.R’ failed. Complete output: > library(testthat) > library(tmt) - tmt 0.3.1-2 (2022-05-16) > > test_check("tmt") The following items are specified in the dataset, but not in the submitted mstdesign: ii1 The following items are specified in the mstdesign, but not in the dataset: i1 The following items are specified in the dataset, but not in the submitted mstdesign: i1 The following items are specified in the mstdesign, but not in the dataset: ii1 The following items are specified in the dataset, but not in the submitted mstdesign: ii1 The following items are specified in the mstdesign, but not in the dataset: i1 [ FAIL 1 | WARN 2 | SKIP 0 | PASS 346 ] ══ Failed tests ════════════════════════════════════════════════════════════════ ── Failure ('test-tmt_gmc.R:34:5'): tmt_gmc data structure ───────────────────── `x` not equal to `expected`. 1/1 mismatches [1] 11 - 9 == 2 Backtrace: ▆ 1. └─testthat::expect_that(length(p), equals(9)) at test-tmt_gmc.R:34:5 2. └─testthat (local) condition(object) 3. └─testthat::expect_equal(x, expected, ..., expected.label = label) [ FAIL 1 | WARN 2 | SKIP 0 | PASS 346 ] Error: Test failures Execution halted Flavor: r-release-linux-x86_64

Version: 0.3.1-2
Check: tests
Result: ERROR Running 'testthat.R' [36s] Running the tests in 'tests/testthat.R' failed. Complete output: > library(testthat) > library(tmt) - tmt 0.3.1-2 (2022-05-16) > > test_check("tmt") The following items are specified in the dataset, but not in the submitted mstdesign: ii1 The following items are specified in the mstdesign, but not in the dataset: i1 The following items are specified in the dataset, but not in the submitted mstdesign: i1 The following items are specified in the mstdesign, but not in the dataset: ii1 The following items are specified in the dataset, but not in the submitted mstdesign: ii1 The following items are specified in the mstdesign, but not in the dataset: i1 [ FAIL 1 | WARN 2 | SKIP 0 | PASS 346 ] ══ Failed tests ════════════════════════════════════════════════════════════════ ── Failure ('test-tmt_gmc.R:34:5'): tmt_gmc data structure ───────────────────── `x` not equal to `expected`. 1/1 mismatches [1] 11 - 9 == 2 Backtrace: ▆ 1. └─testthat::expect_that(length(p), equals(9)) at test-tmt_gmc.R:34:5 2. └─testthat (local) condition(object) 3. └─testthat::expect_equal(x, expected, ..., expected.label = label) [ FAIL 1 | WARN 2 | SKIP 0 | PASS 346 ] Error: Test failures Execution halted Flavors: r-release-windows-x86_64, r-oldrel-windows-x86_64