Last updated on 2024-03-28 09:52:00 CET.
Flavor | Version | Tinstall | Tcheck | Ttotal | Status | Flags |
---|---|---|---|---|---|---|
r-devel-linux-x86_64-debian-clang | 0.50.13 | 12.30 | 157.87 | 170.17 | NOTE | |
r-devel-linux-x86_64-debian-gcc | 0.50.13 | 9.25 | 121.13 | 130.38 | NOTE | |
r-devel-linux-x86_64-fedora-clang | 0.50.13 | 205.22 | NOTE | |||
r-devel-linux-x86_64-fedora-gcc | 0.50.13 | 220.42 | NOTE | |||
r-devel-windows-x86_64 | 0.50.13 | 12.00 | 145.00 | 157.00 | NOTE | |
r-patched-linux-x86_64 | 0.50.13 | 10.08 | 151.57 | 161.65 | NOTE | |
r-release-linux-x86_64 | 0.50.13 | 8.64 | 155.75 | 164.39 | OK | |
r-release-macos-arm64 | 0.50.13 | 74.00 | OK | |||
r-release-macos-x86_64 | 0.50.13 | 112.00 | OK | |||
r-release-windows-x86_64 | 0.50.13 | 14.00 | 177.00 | 191.00 | OK | |
r-oldrel-macos-arm64 | 0.50.13 | 80.00 | OK | |||
r-oldrel-windows-x86_64 | 0.50.13 | 15.00 | 166.00 | 181.00 | OK |
Version: 0.50.13
Check: Rd files
Result: NOTE
checkRd: (-1) pvalEffectPlot.Rd:90: Lost braces in \itemize; meant \describe ?
checkRd: (-1) pvalEffectPlot.Rd:91: Lost braces in \itemize; meant \describe ?
checkRd: (-1) pvalEffectPlot.Rd:92: Lost braces in \itemize; meant \describe ?
checkRd: (-1) pvalEffectPlot.Rd:93: Lost braces in \itemize; meant \describe ?
checkRd: (-1) pvalEffectPlot.Rd:94: Lost braces in \itemize; meant \describe ?
Flavors: r-devel-linux-x86_64-debian-clang, r-devel-linux-x86_64-debian-gcc, r-devel-linux-x86_64-fedora-clang, r-devel-linux-x86_64-fedora-gcc, r-devel-windows-x86_64, r-patched-linux-x86_64
Version: 0.50.13
Check: data for non-ASCII characters
Result: NOTE
Note: found 1 marked UTF-8 string
Flavors: r-devel-linux-x86_64-fedora-clang, r-devel-linux-x86_64-fedora-gcc