Last updated on 2024-08-16 12:49:23 CEST.
Flavor | Version | Tinstall | Tcheck | Ttotal | Status | Flags |
---|---|---|---|---|---|---|
r-devel-linux-x86_64-debian-clang | 0.50.13 | 8.96 | 130.30 | 139.26 | NOTE | |
r-devel-linux-x86_64-debian-gcc | 0.50.13 | 6.67 | 94.53 | 101.20 | NOTE | |
r-devel-linux-x86_64-fedora-clang | 0.50.13 | 224.92 | NOTE | |||
r-devel-linux-x86_64-fedora-gcc | 0.50.13 | 238.61 | NOTE | |||
r-devel-windows-x86_64 | 0.50.13 | 13.00 | 144.00 | 157.00 | NOTE | |
r-patched-linux-x86_64 | 0.50.13 | 9.81 | 123.30 | 133.11 | NOTE | |
r-release-linux-x86_64 | 0.50.13 | 8.97 | 125.32 | 134.29 | NOTE | |
r-release-macos-arm64 | 0.50.13 | 73.00 | NOTE | |||
r-release-macos-x86_64 | 0.50.13 | 108.00 | NOTE | |||
r-release-windows-x86_64 | 0.50.13 | 14.00 | 144.00 | 158.00 | NOTE | |
r-oldrel-macos-arm64 | 0.50.13 | 74.00 | OK | |||
r-oldrel-macos-x86_64 | 0.50.13 | 112.00 | OK | |||
r-oldrel-windows-x86_64 | 0.50.13 | 15.00 | 165.00 | 180.00 | OK |
Version: 0.50.13
Check: Rd files
Result: NOTE
checkRd: (-1) pvalEffectPlot.Rd:90: Lost braces in \itemize; meant \describe ?
checkRd: (-1) pvalEffectPlot.Rd:91: Lost braces in \itemize; meant \describe ?
checkRd: (-1) pvalEffectPlot.Rd:92: Lost braces in \itemize; meant \describe ?
checkRd: (-1) pvalEffectPlot.Rd:93: Lost braces in \itemize; meant \describe ?
checkRd: (-1) pvalEffectPlot.Rd:94: Lost braces in \itemize; meant \describe ?
Flavors: r-devel-linux-x86_64-debian-clang, r-devel-linux-x86_64-debian-gcc, r-devel-linux-x86_64-fedora-clang, r-devel-linux-x86_64-fedora-gcc, r-devel-windows-x86_64, r-patched-linux-x86_64, r-release-linux-x86_64, r-release-macos-arm64, r-release-macos-x86_64, r-release-windows-x86_64
Version: 0.50.13
Check: data for non-ASCII characters
Result: NOTE
Note: found 1 marked UTF-8 string
Flavors: r-devel-linux-x86_64-fedora-clang, r-devel-linux-x86_64-fedora-gcc