Last updated on 2024-04-18 12:53:05 CEST.
Flavor | Version | Tinstall | Tcheck | Ttotal | Status | Flags |
---|---|---|---|---|---|---|
r-devel-linux-x86_64-debian-clang | 0.2-13 | 4.18 | 29.25 | 33.43 | OK | |
r-devel-linux-x86_64-debian-gcc | 0.2-13 | 3.54 | 22.76 | 26.30 | OK | |
r-devel-linux-x86_64-fedora-clang | 0.2-13 | 42.29 | NOTE | |||
r-devel-linux-x86_64-fedora-gcc | 0.2-13 | 41.45 | NOTE | |||
r-prerel-macos-arm64 | 0.2-13 | 20.00 | OK | |||
r-prerel-windows-x86_64 | 0.2-13 | 8.00 | 51.00 | 59.00 | OK | |
r-patched-linux-x86_64 | 0.2-13 | 4.96 | 28.65 | 33.61 | OK | |
r-release-linux-x86_64 | 0.2-13 | 3.85 | 28.43 | 32.28 | OK | |
r-release-macos-arm64 | 0.2-13 | 21.00 | OK | |||
r-release-macos-x86_64 | 0.2-13 | 29.00 | OK | |||
r-release-windows-x86_64 | 0.2-13 | 8.00 | 51.00 | 59.00 | OK | |
r-oldrel-macos-arm64 | 0.2-13 | 21.00 | OK | |||
r-oldrel-windows-x86_64 | 0.2-13 | 9.00 | 52.00 | 61.00 | OK |
Version: 0.2-13
Check: data for non-ASCII characters
Result: NOTE
Note: found 134043 marked UTF-8 strings
Flavors: r-devel-linux-x86_64-fedora-clang, r-devel-linux-x86_64-fedora-gcc