CRAN Package Check Results for Package tmcn

Last updated on 2022-08-13 11:50:21 CEST.

Flavor Version Tinstall Tcheck Ttotal Status Flags
r-devel-linux-x86_64-debian-clang 0.2-13 4.13 32.31 36.44 OK
r-devel-linux-x86_64-debian-gcc 0.2-13 3.19 22.71 25.90 OK
r-devel-linux-x86_64-fedora-clang 0.2-13 51.07 NOTE
r-devel-linux-x86_64-fedora-gcc 0.2-13 53.08 NOTE
r-devel-windows-x86_64 0.2-13 27.00 57.00 84.00 OK
r-patched-linux-x86_64 0.2-13 3.72 27.50 31.22 OK
r-release-linux-x86_64 0.2-13 3.22 27.35 30.57 OK
r-release-macos-arm64 0.2-13 17.00 NOTE
r-release-macos-x86_64 0.2-13 29.00 NOTE
r-release-windows-x86_64 0.2-13 18.00 58.00 76.00 OK
r-oldrel-macos-arm64 0.2-13 26.00 NOTE
r-oldrel-macos-x86_64 0.2-13 35.00 NOTE
r-oldrel-windows-ix86+x86_64 0.2-13 13.00 72.00 85.00 OK

Check Details

Version: 0.2-13
Check: data for non-ASCII characters
Result: NOTE
     Note: found 134043 marked UTF-8 strings
Flavors: r-devel-linux-x86_64-fedora-clang, r-devel-linux-x86_64-fedora-gcc, r-release-macos-arm64, r-release-macos-x86_64, r-oldrel-macos-arm64, r-oldrel-macos-x86_64