Last updated on 2025-05-12 13:50:31 CEST.
Flavor | Version | Tinstall | Tcheck | Ttotal | Status | Flags |
---|---|---|---|---|---|---|
r-devel-linux-x86_64-debian-clang | 0.1.7 | 2.46 | 22.23 | 24.69 | NOTE | |
r-devel-linux-x86_64-debian-gcc | 0.1.7 | 2.06 | 18.14 | 20.20 | NOTE | |
r-devel-linux-x86_64-fedora-clang | 0.1.7 | 40.53 | OK | |||
r-devel-linux-x86_64-fedora-gcc | 0.1.7 | 38.88 | OK | |||
r-devel-windows-x86_64 | 0.1.7 | 4.00 | 49.00 | 53.00 | OK | |
r-patched-linux-x86_64 | 0.1.7 | 2.60 | 22.08 | 24.68 | OK | |
r-release-linux-x86_64 | 0.1.7 | 2.36 | 21.51 | 23.87 | OK | |
r-release-macos-arm64 | 0.1.7 | 28.00 | OK | |||
r-release-macos-x86_64 | 0.1.7 | 37.00 | OK | |||
r-release-windows-x86_64 | 0.1.7 | 4.00 | 54.00 | 58.00 | OK | |
r-oldrel-macos-arm64 | 0.1.7 | 25.00 | OK | |||
r-oldrel-macos-x86_64 | 0.1.7 | 36.00 | OK | |||
r-oldrel-windows-x86_64 | 0.1.7 | 3.00 | 49.00 | 52.00 | OK |
Version: 0.1.7
Check: CRAN incoming feasibility
Result: NOTE
Maintainer: ‘Filipe Campelo <fcampelo@ci.uc.pt>’
No Authors@R field in DESCRIPTION.
Please add one, modifying
Authors@R: person(given = "Filipe",
family = "Campelo",
role = c("aut", "cre"),
email = "fcampelo@ci.uc.pt")
as necessary.
Flavors: r-devel-linux-x86_64-debian-clang, r-devel-linux-x86_64-debian-gcc