CRAN Package Check Results for Package tipmap

Last updated on 2024-07-20 11:49:23 CEST.

Flavor Version Tinstall Tcheck Ttotal Status Flags
r-devel-linux-x86_64-debian-clang 0.5.2 4.77 137.26 142.03 OK
r-devel-linux-x86_64-debian-gcc 0.5.2 4.22 102.92 107.14 OK
r-devel-linux-x86_64-fedora-clang 0.5.2 177.91 OK
r-devel-linux-x86_64-fedora-gcc 0.5.2 174.65 OK
r-devel-windows-x86_64 0.5.2 6.00 117.00 123.00 OK
r-patched-linux-x86_64 0.5.2 3.51 130.50 134.01 OK
r-release-linux-x86_64 0.5.2 0.66 2.21 2.87 ERROR
r-release-macos-arm64 0.5.2 45.00 OK
r-release-macos-x86_64 0.5.2 97.00 OK
r-release-windows-x86_64 0.5.2 6.00 117.00 123.00 OK
r-oldrel-macos-arm64 0.5.2 46.00 OK
r-oldrel-macos-x86_64 0.5.2 109.00 OK
r-oldrel-windows-x86_64 0.5.2 7.00 132.00 139.00 OK

Check Details

Version: 0.5.2
Check: package dependencies
Result: ERROR Package required but not available: ‘RBesT’ See section ‘The DESCRIPTION file’ in the ‘Writing R Extensions’ manual. Flavor: r-release-linux-x86_64