CRAN Package Check Results for Package tipmap

Last updated on 2023-11-28 13:51:12 CET.

Flavor Version Tinstall Tcheck Ttotal Status Flags
r-devel-linux-x86_64-debian-clang 0.5.2 5.34 80.21 85.55 OK
r-devel-linux-x86_64-debian-gcc 0.5.2 3.60 85.93 89.53 OK
r-devel-linux-x86_64-fedora-clang 0.5.2 149.33 OK
r-devel-linux-x86_64-fedora-gcc 0.5.2 145.99 OK
r-devel-windows-x86_64 0.5.2 7.00 112.00 119.00 OK
r-patched-linux-x86_64 0.5.2 4.71 105.96 110.67 OK
r-release-linux-x86_64 0.5.2 0.45 1.87 2.32 ERROR
r-release-macos-arm64 0.5.2 46.00 OK
r-release-macos-x86_64 0.5.2 109.00 OK
r-release-windows-x86_64 0.5.2 7.00 127.00 134.00 OK
r-oldrel-macos-arm64 0.5.2 47.00 OK
r-oldrel-macos-x86_64 0.5.2 64.00 OK
r-oldrel-windows-x86_64 0.5.2 7.00 132.00 139.00 OK

Check Details

Version: 0.5.2
Check: package dependencies
Result: ERROR Package required but not available: ‘RBesT’ See section ‘The DESCRIPTION file’ in the ‘Writing R Extensions’ manual. Flavor: r-release-linux-x86_64