CRAN Package Check Results for Package tipitaka

Last updated on 2022-06-26 11:52:46 CEST.

Flavor Version Tinstall Tcheck Ttotal Status Flags
r-devel-linux-x86_64-debian-clang 0.1.2 48.85 44.54 93.39 OK
r-devel-linux-x86_64-debian-gcc 0.1.2 41.50 34.85 76.35 OK
r-devel-linux-x86_64-fedora-clang 0.1.2 134.64 NOTE
r-devel-linux-x86_64-fedora-gcc 0.1.2 130.44 NOTE
r-devel-windows-x86_64 0.1.2 66.00 84.00 150.00 NOTE
r-patched-linux-x86_64 0.1.2 48.64 43.10 91.74 OK
r-release-linux-x86_64 0.1.2 47.39 41.80 89.19 OK
r-release-macos-arm64 0.1.2 59.00 NOTE
r-release-macos-x86_64 0.1.2 88.00 NOTE
r-release-windows-x86_64 0.1.2 64.00 89.00 153.00 NOTE
r-oldrel-macos-arm64 0.1.2 68.00 NOTE
r-oldrel-macos-x86_64 0.1.2 75.00 NOTE
r-oldrel-windows-ix86+x86_64 0.1.2 78.00 89.00 167.00 NOTE

Check Details

Version: 0.1.2
Check: installed package size
Result: NOTE
     installed size is 5.8Mb
     sub-directories of 1Mb or more:
     data 5.1Mb
Flavors: r-devel-linux-x86_64-fedora-clang, r-devel-windows-x86_64, r-release-macos-arm64, r-release-macos-x86_64, r-release-windows-x86_64, r-oldrel-macos-arm64, r-oldrel-macos-x86_64, r-oldrel-windows-ix86+x86_64

Version: 0.1.2
Check: dependencies in R code
Result: NOTE
    Namespaces in Imports field not imported from:
     ‘cpp11’ ‘dplyr’ ‘magrittr’ ‘stringi’
     All declared Imports should be used.
Flavors: r-devel-linux-x86_64-fedora-clang, r-devel-linux-x86_64-fedora-gcc, r-release-macos-arm64, r-release-macos-x86_64, r-oldrel-macos-arm64, r-oldrel-macos-x86_64

Version: 0.1.2
Check: data for non-ASCII characters
Result: NOTE
     Note: found 384749 marked UTF-8 strings
Flavors: r-devel-linux-x86_64-fedora-clang, r-devel-linux-x86_64-fedora-gcc, r-release-macos-arm64, r-release-macos-x86_64, r-oldrel-macos-arm64, r-oldrel-macos-x86_64